CRAN Package Check Results for Package sparsepca

Last updated on 2021-06-22 09:51:54 CEST.

Flavor Version Tinstall Tcheck Ttotal Status Flags
r-devel-linux-x86_64-debian-clang 0.1.2 8.10 60.20 68.30 NOTE
r-devel-linux-x86_64-debian-gcc 0.1.2 6.08 45.62 51.70 NOTE
r-devel-linux-x86_64-fedora-clang 0.1.2 88.31 NOTE
r-devel-linux-x86_64-fedora-gcc 0.1.2 94.35 NOTE
r-devel-windows-x86_64 0.1.2 10.00 75.00 85.00 NOTE
r-devel-windows-x86_64-gcc10-UCRT 0.1.2 NOTE
r-patched-linux-x86_64 0.1.2 7.54 58.56 66.10 NOTE
r-patched-solaris-x86 0.1.2 119.80 NOTE
r-release-linux-x86_64 0.1.2 7.64 56.98 64.62 NOTE
r-release-macos-arm64 0.1.2 NOTE
r-release-macos-x86_64 0.1.2 NOTE
r-release-windows-ix86+x86_64 0.1.2 15.00 69.00 84.00 NOTE
r-oldrel-macos-x86_64 0.1.2 OK

Check Details

Version: 0.1.2
Check: LazyData
Result: NOTE
     'LazyData' is specified without a 'data' directory
Flavors: r-devel-linux-x86_64-debian-clang, r-devel-linux-x86_64-debian-gcc, r-devel-linux-x86_64-fedora-clang, r-devel-linux-x86_64-fedora-gcc, r-devel-windows-x86_64, r-devel-windows-x86_64-gcc10-UCRT, r-patched-linux-x86_64, r-patched-solaris-x86, r-release-linux-x86_64, r-release-macos-arm64, r-release-macos-x86_64, r-release-windows-ix86+x86_64