CRAN Package Check Results for Package spacyr

Last updated on 2020-02-21 17:48:01 CET.

Flavor Version Tinstall Tcheck Ttotal Status Flags
r-devel-linux-x86_64-debian-clang 1.2 4.72 39.52 44.24 OK
r-devel-linux-x86_64-debian-gcc 1.2 3.79 29.29 33.08 OK
r-devel-linux-x86_64-fedora-clang 1.2 55.32 NOTE
r-devel-linux-x86_64-fedora-gcc 1.2 53.58 NOTE
r-devel-windows-ix86+x86_64 1.2 14.00 49.00 63.00 ERROR
r-devel-windows-ix86+x86_64-gcc8 1.2 15.00 49.00 64.00 ERROR
r-patched-linux-x86_64 1.2 4.20 33.68 37.88 OK
r-patched-solaris-x86 1.2 70.50 ERROR
r-release-linux-x86_64 1.2 4.11 34.63 38.74 OK
r-release-windows-ix86+x86_64 1.2 8.00 50.00 58.00 ERROR
r-release-osx-x86_64 1.2 NOTE
r-oldrel-windows-ix86+x86_64 1.2 7.00 48.00 55.00 ERROR
r-oldrel-osx-x86_64 1.2 NOTE

Check Details

Version: 1.2
Check: data for non-ASCII characters
Result: NOTE
     Note: found 1 marked UTF-8 string
Flavors: r-devel-linux-x86_64-fedora-clang, r-devel-linux-x86_64-fedora-gcc, r-patched-solaris-x86, r-release-osx-x86_64, r-oldrel-osx-x86_64

Version: 1.2
Check: tests
Result: ERROR
     Running 'lint.R' [1s]
     Running 'spelling.R' [0s]
     Running 'testthat.R' [3s]
    Running the tests in 'tests/testthat.R' failed.
    Complete output:
     > Sys.setenv("R_TESTS" = "")
     >
     > library("testthat")
     > library("spacyr")
     >
     > test_check("spacyr")
     -- 1. Error: spacy_parse handles numbers/tibbles correctly (@test-2-spacy_parse.
     lexical error: invalid char in json text.
     NA
     (right here) ------^
     Backtrace:
     1. global::skip_if_no_python_or_no_spacy()
     2. spacyr::find_spacy_env()
     4. reticulate::conda_list(conda = "auto")
     5. jsonlite::fromJSON(conda_envs)
     6. jsonlite:::parse_and_simplify(...)
     7. jsonlite:::parseJSON(txt, bigint_as_char)
     8. jsonlite:::parse_string(txt, bigint_as_char)
    
     == testthat results ===========================================================
     [ OK: 1 | SKIPPED: 50 | WARNINGS: 0 | FAILED: 1 ]
     1. Error: spacy_parse handles numbers/tibbles correctly (@test-2-spacy_parse.R#165)
    
     Error: testthat unit tests failed
     Execution halted
Flavors: r-devel-windows-ix86+x86_64, r-devel-windows-ix86+x86_64-gcc8, r-release-windows-ix86+x86_64, r-oldrel-windows-ix86+x86_64

Version: 1.2
Check: tests
Result: ERROR
     Running ‘lint.R’
     Running ‘spelling.R’
     Running ‘testthat.R’
    Running the tests in ‘tests/testthat.R’ failed.
    Complete output:
     > Sys.setenv("R_TESTS" = "")
     >
     > library("testthat")
     > library("spacyr")
     >
     > test_check("spacyr")
     ── 1. Error: spacy_parse handles numbers/tibbles correctly (@test-2-spacy_parse.
     error in running command: 'Illegal seek'
     Backtrace:
     1. global::skip_if_no_python_or_no_spacy()
     2. spacyr::find_spacy(ask = FALSE)
     3. spacyr:::check_spacy_model(py_exec, model)
     6. base::system2(...)
    
     ══ testthat results ═══════════════════════════════════════════════════════════
     [ OK: 0 | SKIPPED: 51 | WARNINGS: 0 | FAILED: 1 ]
     1. Error: spacy_parse handles numbers/tibbles correctly (@test-2-spacy_parse.R#165)
    
     Error: testthat unit tests failed
     Execution halted
Flavor: r-patched-solaris-x86