CRAN Package Check Results for Package spacyr

Last updated on 2020-07-06 21:50:39 CEST.

Flavor Version Tinstall Tcheck Ttotal Status Flags
r-devel-linux-x86_64-debian-clang 1.2.1 8.92 78.61 87.53 OK
r-devel-linux-x86_64-debian-gcc 1.2.1 7.50 58.67 66.17 OK
r-devel-linux-x86_64-fedora-clang 1.2.1 114.00 NOTE
r-devel-linux-x86_64-fedora-gcc 1.2.1 102.90 NOTE
r-devel-windows-ix86+x86_64 1.2.1 25.00 83.00 108.00 OK
r-patched-linux-x86_64 1.2.1 9.11 75.26 84.37 OK
r-patched-solaris-x86 1.2.1 154.00 NOTE
r-release-linux-x86_64 1.2.1 10.34 76.66 87.00 OK
r-release-osx-x86_64 1.2.1 NOTE
r-release-windows-ix86+x86_64 1.2.1 18.00 80.00 98.00 OK
r-oldrel-osx-x86_64 1.2.1 NOTE
r-oldrel-windows-ix86+x86_64 1.2.1 14.00 81.00 95.00 OK

Check Details

Version: 1.2.1
Check: data for non-ASCII characters
Result: NOTE
     Note: found 1 marked UTF-8 string
Flavors: r-devel-linux-x86_64-fedora-clang, r-devel-linux-x86_64-fedora-gcc, r-patched-solaris-x86, r-release-osx-x86_64, r-oldrel-osx-x86_64