CRAN Package Check Results for Package spacesXYZ

Last updated on 2021-06-16 09:53:39 CEST.

Flavor Version Tinstall Tcheck Ttotal Status Flags
r-devel-linux-x86_64-debian-clang 1.1-1 4.57 47.06 51.63 OK
r-devel-linux-x86_64-debian-gcc 1.1-1 2.91 37.10 40.01 OK
r-devel-linux-x86_64-fedora-clang 1.1-1 70.88 NOTE
r-devel-linux-x86_64-fedora-gcc 1.1-1 60.50 OK
r-devel-windows-x86_64 1.1-1 6.00 71.00 77.00 OK
r-devel-windows-x86_64-gcc10-UCRT 1.1-1 OK
r-patched-linux-x86_64 1.1-1 3.97 46.74 50.71 OK
r-patched-solaris-x86 1.1-1 91.80 OK
r-release-linux-x86_64 1.1-1 4.47 47.01 51.48 OK
r-release-macos-arm64 1.1-1 OK
r-release-macos-x86_64 1.1-1 OK
r-release-windows-ix86+x86_64 1.1-1 8.00 68.00 76.00 OK
r-oldrel-macos-x86_64 1.1-1 OK
r-oldrel-windows-ix86+x86_64 1.1-1 7.00 73.00 80.00 OK

Check Details

Version: 1.1-1
Check: Rd cross-references
Result: NOTE
    Undeclared package ‘colorSpec’ in Rd xrefs
Flavor: r-devel-linux-x86_64-fedora-clang