CRAN Package Check Results for Package spNetwork

Last updated on 2021-06-22 09:51:55 CEST.

Flavor Version Tinstall Tcheck Ttotal Status Flags
r-devel-linux-x86_64-debian-clang 0.1.1 54.35 485.03 539.38 NOTE
r-devel-linux-x86_64-debian-gcc 0.1.1 40.19 349.28 389.47 NOTE
r-devel-linux-x86_64-fedora-clang 0.1.1 628.85 NOTE
r-devel-linux-x86_64-fedora-gcc 0.1.1 669.18 NOTE
r-devel-windows-x86_64 0.1.1 74.00 618.00 692.00 NOTE
r-devel-windows-x86_64-gcc10-UCRT 0.1.1 WARN
r-patched-linux-x86_64 0.1.1 51.02 445.60 496.62 NOTE
r-patched-solaris-x86 0.1.1 775.70 NOTE
r-release-linux-x86_64 0.1.1 50.00 458.92 508.92 NOTE
r-release-macos-arm64 0.1.1 NOTE
r-release-macos-x86_64 0.1.1 NOTE
r-release-windows-ix86+x86_64 0.1.1 131.00 745.00 876.00 NOTE
r-oldrel-macos-x86_64 0.1.1 NOTE

Check Details

Version: 0.1.1
Check: LazyData
Result: NOTE
     'LazyData' is specified without a 'data' directory
Flavors: r-devel-linux-x86_64-debian-clang, r-devel-linux-x86_64-debian-gcc, r-devel-linux-x86_64-fedora-clang, r-devel-linux-x86_64-fedora-gcc, r-devel-windows-x86_64, r-devel-windows-x86_64-gcc10-UCRT, r-patched-linux-x86_64, r-patched-solaris-x86, r-release-linux-x86_64, r-release-macos-arm64, r-release-macos-x86_64, r-release-windows-ix86+x86_64

Version: 0.1.1
Check: installed package size
Result: NOTE
     installed size is 9.6Mb
     sub-directories of 1Mb or more:
     extdata 5.6Mb
     libs 2.9Mb
Flavors: r-devel-linux-x86_64-fedora-clang, r-devel-windows-x86_64, r-patched-solaris-x86, r-release-macos-arm64, r-release-macos-x86_64, r-release-windows-ix86+x86_64, r-oldrel-macos-x86_64

Version: 0.1.1
Check: package dependencies
Result: NOTE
    Package suggested but not available for checking: 'kableExtra'
Flavor: r-devel-windows-x86_64-gcc10-UCRT

Version: 0.1.1
Check: re-building of vignette outputs
Result: WARN
    Error(s) in re-building vignettes:
    --- re-building 'KNetworkFunctions.Rmd' using rmarkdown
    --- finished re-building 'KNetworkFunctions.Rmd'
    
    --- re-building 'NKDE.Rmd' using rmarkdown
    Quitting from lines 131-154 (NKDE.Rmd)
    Error: processing vignette 'NKDE.Rmd' failed with diagnostics:
    there is no package called 'kableExtra'
    --- failed re-building 'NKDE.Rmd'
    
    --- re-building 'NKDEdetailed.Rmd' using rmarkdown
    Loading required package: sp
    rgeos version: 0.5-5, (SVN revision 640)
     GEOS runtime version: 3.6.2-CAPI-1.10.2
     Linking to sp version: 1.4-5
     Polygon checking: TRUE
    
    Checking rgeos availability: TRUE
    --- finished re-building 'NKDEdetailed.Rmd'
    
    --- re-building 'SpatialWeightMatrices.Rmd' using rmarkdown
    --- finished re-building 'SpatialWeightMatrices.Rmd'
    
    SUMMARY: processing the following file failed:
     'NKDE.Rmd'
    
    Error: Vignette re-building failed.
    Execution halted
Flavor: r-devel-windows-x86_64-gcc10-UCRT