CRAN Package Check Results for Package spANOVA

Last updated on 2020-02-28 22:53:48 CET.

Flavor Version Tinstall Tcheck Ttotal Status Flags
r-devel-linux-x86_64-debian-clang 0.99.2 25.02 207.54 232.56 OK
r-devel-linux-x86_64-debian-gcc 0.99.2 22.30 156.31 178.61 OK
r-devel-linux-x86_64-fedora-clang 0.99.2 276.46 WARN
r-devel-linux-x86_64-fedora-gcc 0.99.2 272.09 WARN
r-devel-windows-ix86+x86_64 0.99.2 66.00 251.00 317.00 OK
r-patched-linux-x86_64 0.99.2 22.16 176.29 198.45 OK
r-patched-solaris-x86 0.99.2 441.90 OK
r-release-linux-x86_64 0.99.2 22.54 183.31 205.85 OK
r-release-windows-ix86+x86_64 0.99.2 49.00 240.00 289.00 OK
r-release-osx-x86_64 0.99.2 WARN
r-oldrel-osx-x86_64 0.99.2 WARN

Check Details

Version: 0.99.2
Check: whether package can be installed
Result: WARN
    Found the following significant warnings:
     Warning: namespace ‘rgdal’ is not available and has been replaced
Flavors: r-devel-linux-x86_64-fedora-clang, r-devel-linux-x86_64-fedora-gcc

Version: 0.99.2
Check: dependencies in R code
Result: NOTE
    No protocol specified
    No protocol specified
Flavors: r-release-osx-x86_64, r-oldrel-osx-x86_64

Version: 0.99.2
Check: S3 generic/method consistency
Result: WARN
    No protocol specified
    No protocol specified
    See section ‘Generic functions and methods’ in the ‘Writing R
    Extensions’ manual.
Flavors: r-release-osx-x86_64, r-oldrel-osx-x86_64

Version: 0.99.2
Check: replacement functions
Result: WARN
    No protocol specified
    No protocol specified
    The argument of a replacement function which corresponds to the right
    hand side must be named ‘value’.
Flavors: r-release-osx-x86_64, r-oldrel-osx-x86_64

Version: 0.99.2
Check: foreign function calls
Result: NOTE
    No protocol specified
    No protocol specified
    See chapter ‘System and foreign language interfaces’ in the ‘Writing R
    Extensions’ manual.
Flavors: r-release-osx-x86_64, r-oldrel-osx-x86_64

Version: 0.99.2
Check: R code for possible problems
Result: NOTE
    No protocol specified
    No protocol specified
Flavors: r-release-osx-x86_64, r-oldrel-osx-x86_64

Version: 0.99.2
Check: for missing documentation entries
Result: WARN
    No protocol specified
    No protocol specified
    All user-level objects in a package should have documentation entries.
    See chapter ‘Writing R documentation files’ in the ‘Writing R
    Extensions’ manual.
Flavors: r-release-osx-x86_64, r-oldrel-osx-x86_64

Version: 0.99.2
Check: for code/documentation mismatches
Result: WARN
    No protocol specified
    No protocol specified
    No protocol specified
    No protocol specified
    No protocol specified
    No protocol specified
Flavors: r-release-osx-x86_64, r-oldrel-osx-x86_64

Version: 0.99.2
Check: Rd \usage sections
Result: NOTE
    No protocol specified
    No protocol specified
    The \usage entries for S3 methods should use the \method markup and not
    their full name.
    See chapter ‘Writing R documentation files’ in the ‘Writing R
    Extensions’ manual.
Flavors: r-release-osx-x86_64, r-oldrel-osx-x86_64