CRAN Package Check Results for Package soundgen

Last updated on 2020-07-06 21:50:39 CEST.

Flavor Version Tinstall Tcheck Ttotal Status Flags
r-devel-linux-x86_64-debian-clang 1.7.0 14.00 315.91 329.91 OK
r-devel-linux-x86_64-debian-gcc 1.7.0 13.87 222.28 236.15 OK
r-devel-linux-x86_64-fedora-clang 1.7.0 386.52 NOTE
r-devel-linux-x86_64-fedora-gcc 1.7.0 386.45 OK
r-devel-windows-ix86+x86_64 1.7.0 41.00 318.00 359.00 NOTE
r-patched-linux-x86_64 1.7.0 14.44 305.43 319.87 OK
r-patched-solaris-x86 1.7.0 643.40 NOTE
r-release-linux-x86_64 1.7.0 15.77 301.21 316.98 OK
r-release-osx-x86_64 1.7.0 NOTE
r-release-windows-ix86+x86_64 1.7.0 21.00 306.00 327.00 NOTE
r-oldrel-osx-x86_64 1.7.0 NOTE
r-oldrel-windows-ix86+x86_64 1.7.0 48.00 399.00 447.00 NOTE

Check Details

Version: 1.7.0
Check: installed package size
Result: NOTE
     installed size is 5.6Mb
     sub-directories of 1Mb or more:
     doc 4.3Mb
Flavors: r-devel-linux-x86_64-fedora-clang, r-devel-windows-ix86+x86_64, r-patched-solaris-x86, r-release-osx-x86_64, r-release-windows-ix86+x86_64, r-oldrel-osx-x86_64, r-oldrel-windows-ix86+x86_64