CRAN Package Check Results for Package sobir

Last updated on 2020-03-30 20:48:42 CEST.

Flavor Version Tinstall Tcheck Ttotal Status Flags
r-devel-linux-x86_64-debian-clang 0.1.2 10.78 214.57 225.35 OK
r-devel-linux-x86_64-debian-gcc 0.1.2 7.77 148.31 156.08 OK
r-devel-linux-x86_64-fedora-clang 0.1.2 247.57 NOTE
r-devel-linux-x86_64-fedora-gcc 0.1.2 248.76 NOTE
r-devel-windows-ix86+x86_64 0.1.2 19.00 171.00 190.00 OK
r-devel-windows-ix86+x86_64-gcc8 0.1.2 21.00 207.00 228.00 OK
r-patched-linux-x86_64 0.1.2 10.52 196.04 206.56 OK
r-patched-solaris-x86 0.1.2 325.60 NOTE
r-release-linux-x86_64 0.1.2 9.78 182.52 192.30 OK
r-release-windows-ix86+x86_64 0.1.2 34.00 251.00 285.00 OK
r-release-osx-x86_64 0.1.2 NOTE
r-oldrel-windows-ix86+x86_64 0.1.2 19.00 250.00 269.00 OK
r-oldrel-osx-x86_64 0.1.2 NOTE

Check Details

Version: 0.1.2
Check: dependencies in R code
Result: NOTE
    Namespaces in Imports field not imported from:
     ‘devtools’ ‘raster’ ‘rlang’ ‘sp’ ‘usethis’
     All declared Imports should be used.
Flavors: r-devel-linux-x86_64-fedora-clang, r-devel-linux-x86_64-fedora-gcc, r-patched-solaris-x86, r-release-osx-x86_64, r-oldrel-osx-x86_64