CRAN Package Check Results for Package smoof

Last updated on 2020-03-30 20:48:42 CEST.

Flavor Version Tinstall Tcheck Ttotal Status Flags
r-devel-linux-x86_64-debian-clang 1.6.0.2 87.71 90.73 178.44 NOTE
r-devel-linux-x86_64-debian-gcc 1.6.0.2 55.76 66.46 122.22 NOTE
r-devel-linux-x86_64-fedora-clang 1.6.0.2 231.65 OK
r-devel-linux-x86_64-fedora-gcc 1.6.0.2 222.66 OK
r-devel-windows-ix86+x86_64 1.6.0.2 154.00 131.00 285.00 NOTE
r-devel-windows-ix86+x86_64-gcc8 1.6.0.2 180.00 151.00 331.00 NOTE
r-patched-linux-x86_64 1.6.0.2 64.58 85.77 150.35 NOTE
r-patched-solaris-x86 1.6.0.2 231.10 OK
r-release-linux-x86_64 1.6.0.2 65.69 80.35 146.04 OK
r-release-windows-ix86+x86_64 1.6.0.2 234.00 196.00 430.00 NOTE
r-release-osx-x86_64 1.6.0.2 OK
r-oldrel-windows-ix86+x86_64 1.6.0.2 211.00 197.00 408.00 NOTE
r-oldrel-osx-x86_64 1.6.0.2 OK

Check Details

Version: 1.6.0.2
Check: package dependencies
Result: NOTE
    Package suggested but not available for checking: 'rPython'
Flavors: r-devel-linux-x86_64-debian-clang, r-devel-linux-x86_64-debian-gcc, r-devel-windows-ix86+x86_64, r-devel-windows-ix86+x86_64-gcc8, r-patched-linux-x86_64, r-release-windows-ix86+x86_64, r-oldrel-windows-ix86+x86_64