CRAN Package Check Results for Package slgf

Last updated on 2021-06-22 09:51:54 CEST.

Flavor Version Tinstall Tcheck Ttotal Status Flags
r-devel-linux-x86_64-debian-clang 0.1.0 4.70 68.22 72.92 OK
r-devel-linux-x86_64-debian-gcc 0.1.0 4.37 51.99 56.36 OK
r-devel-linux-x86_64-fedora-clang 0.1.0 95.79 OK
r-devel-linux-x86_64-fedora-gcc 0.1.0 87.59 OK
r-devel-windows-x86_64 0.1.0 9.00 92.00 101.00 OK
r-devel-windows-x86_64-gcc10-UCRT 0.1.0 WARN
r-patched-linux-x86_64 0.1.0 6.14 65.89 72.03 OK
r-patched-solaris-x86 0.1.0 122.00 OK
r-release-linux-x86_64 0.1.0 5.96 64.85 70.81 OK
r-release-macos-arm64 0.1.0 OK
r-release-macos-x86_64 0.1.0 OK
r-release-windows-ix86+x86_64 0.1.0 10.00 90.00 100.00 OK
r-oldrel-macos-x86_64 0.1.0 OK

Check Details

Version: 0.1.0
Check: package dependencies
Result: NOTE
    Package suggested but not available for checking: 'rcrossref'
Flavor: r-devel-windows-x86_64-gcc10-UCRT

Version: 0.1.0
Check: re-building of vignette outputs
Result: WARN
    Error(s) in re-building vignettes:
     ...
    --- re-building 'slgf_vignette.Rmd' using rmarkdown
    Quitting from lines 20-28 (slgf_vignette.Rmd)
    Error: processing vignette 'slgf_vignette.Rmd' failed with diagnostics:
    there is no package called 'rcrossref'
    --- failed re-building 'slgf_vignette.Rmd'
    
    SUMMARY: processing the following file failed:
     'slgf_vignette.Rmd'
    
    Error: Vignette re-building failed.
    Execution halted
Flavor: r-devel-windows-x86_64-gcc10-UCRT