CRAN Package Check Results for Package skedastic

Last updated on 2021-04-15 09:50:16 CEST.

Flavor Version Tinstall Tcheck Ttotal Status Flags
r-devel-linux-x86_64-debian-clang 1.0.1 7.81 124.56 132.37 NOTE
r-devel-linux-x86_64-debian-gcc 1.0.1 6.38 92.10 98.48 NOTE
r-devel-linux-x86_64-fedora-clang 1.0.1 167.46 NOTE
r-devel-linux-x86_64-fedora-gcc 1.0.1 153.95 NOTE
r-devel-windows-ix86+x86_64 1.0.1 15.00 127.00 142.00 OK
r-devel-windows-x86_64-gcc10-UCRT 1.0.1 NOTE
r-patched-linux-x86_64 1.0.1 7.49 118.10 125.59 NOTE
r-patched-solaris-x86 1.0.1 210.30 NOTE
r-release-linux-x86_64 1.0.1 7.58 116.37 123.95 NOTE
r-release-macos-x86_64 1.0.1 NOTE
r-release-windows-ix86+x86_64 1.0.1 22.00 164.00 186.00 OK
r-oldrel-macos-x86_64 1.0.1 ERROR
r-oldrel-windows-ix86+x86_64 0.1.0 5.00 72.00 77.00 OK

Check Details

Version: 1.0.1
Check: package dependencies
Result: NOTE
    Package suggested but not available for checking: 'het.test'
Flavors: r-devel-linux-x86_64-debian-clang, r-devel-linux-x86_64-debian-gcc, r-devel-linux-x86_64-fedora-clang, r-devel-linux-x86_64-fedora-gcc, r-devel-windows-x86_64-gcc10-UCRT, r-patched-linux-x86_64, r-patched-solaris-x86, r-release-linux-x86_64

Version: 1.0.1
Check: Rd cross-references
Result: NOTE
    Unknown package 'het.test' in Rd xrefs
Flavors: r-devel-linux-x86_64-debian-clang, r-devel-linux-x86_64-debian-gcc, r-devel-linux-x86_64-fedora-clang, r-devel-linux-x86_64-fedora-gcc, r-devel-windows-x86_64-gcc10-UCRT, r-patched-linux-x86_64, r-patched-solaris-x86, r-release-linux-x86_64

Version: 1.0.1
Check: dependencies in R code
Result: NOTE
    Namespaces in Imports field not imported from:
     ‘CompQuadForm’ ‘boot’ ‘dplyr’ ‘mvtnorm’ ‘qpdf’
     All declared Imports should be used.
Flavors: r-devel-linux-x86_64-fedora-clang, r-devel-linux-x86_64-fedora-gcc, r-devel-windows-x86_64-gcc10-UCRT, r-patched-solaris-x86, r-release-macos-x86_64

Version: 1.0.1
Check: whether package can be installed
Result: ERROR
    Installation failed.
Flavor: r-oldrel-macos-x86_64