CRAN Package Check Results for Package simukde

Last updated on 2021-04-15 09:50:16 CEST.

Flavor Version Tinstall Tcheck Ttotal Status Flags
r-devel-linux-x86_64-debian-clang 1.2.0 1.89 55.52 57.41 NOTE
r-devel-linux-x86_64-debian-gcc 1.2.0 1.75 52.09 53.84 NOTE
r-devel-linux-x86_64-fedora-clang 1.2.0 88.95 NOTE
r-devel-linux-x86_64-fedora-gcc 1.2.0 66.06 NOTE
r-devel-windows-ix86+x86_64 1.2.0 5.00 61.00 66.00 NOTE
r-devel-windows-x86_64-gcc10-UCRT 1.2.0 NOTE
r-patched-linux-x86_64 1.2.0 1.80 54.75 56.55 OK
r-patched-solaris-x86 1.2.0 104.30 OK
r-release-linux-x86_64 1.2.0 1.70 46.69 48.39 OK
r-release-macos-x86_64 1.2.0 OK
r-release-windows-ix86+x86_64 1.2.0 22.00 81.00 103.00 OK
r-oldrel-macos-x86_64 1.2.0 OK
r-oldrel-windows-ix86+x86_64 1.2.0 4.00 61.00 65.00 OK

Check Details

Version: 1.2.0
Check: LazyData
Result: NOTE
     'LazyData' is specified without a 'data' directory
Flavors: r-devel-linux-x86_64-debian-clang, r-devel-linux-x86_64-debian-gcc, r-devel-linux-x86_64-fedora-clang, r-devel-linux-x86_64-fedora-gcc, r-devel-windows-ix86+x86_64, r-devel-windows-x86_64-gcc10-UCRT