CRAN Package Check Results for Package simstandard

Last updated on 2021-04-15 09:50:16 CEST.

Flavor Version Tinstall Tcheck Ttotal Status Flags
r-devel-linux-x86_64-debian-clang 0.6.2 3.02 45.50 48.52 NOTE
r-devel-linux-x86_64-debian-gcc 0.6.2 2.28 35.50 37.78 NOTE
r-devel-linux-x86_64-fedora-clang 0.6.2 68.79 NOTE
r-devel-linux-x86_64-fedora-gcc 0.6.2 57.67 NOTE
r-devel-windows-ix86+x86_64 0.6.2 8.00 57.00 65.00 NOTE
r-devel-windows-x86_64-gcc10-UCRT 0.6.2 NOTE
r-patched-linux-x86_64 0.6.2 2.74 43.00 45.74 OK
r-patched-solaris-x86 0.6.2 85.40 OK
r-release-linux-x86_64 0.6.2 3.06 43.08 46.14 OK
r-release-macos-x86_64 0.6.2 OK
r-release-windows-ix86+x86_64 0.6.2 19.00 67.00 86.00 OK
r-oldrel-macos-x86_64 0.6.2 OK
r-oldrel-windows-ix86+x86_64 0.6.2 5.00 50.00 55.00 OK

Check Details

Version: 0.6.2
Check: LazyData
Result: NOTE
     'LazyData' is specified without a 'data' directory
Flavors: r-devel-linux-x86_64-debian-clang, r-devel-linux-x86_64-debian-gcc, r-devel-linux-x86_64-fedora-clang, r-devel-linux-x86_64-fedora-gcc, r-devel-windows-ix86+x86_64, r-devel-windows-x86_64-gcc10-UCRT