CRAN Package Check Results for Package simplexreg

Last updated on 2020-03-30 20:48:42 CEST.

Flavor Version Tinstall Tcheck Ttotal Status Flags
r-devel-linux-x86_64-debian-clang 1.3 5.46 35.71 41.17 OK
r-devel-linux-x86_64-debian-gcc 1.3 5.02 27.78 32.80 OK
r-devel-linux-x86_64-fedora-clang 1.3 49.97 NOTE
r-devel-linux-x86_64-fedora-gcc 1.3 48.46 NOTE
r-devel-windows-ix86+x86_64 1.3 13.00 86.00 99.00 OK
r-devel-windows-ix86+x86_64-gcc8 1.3 15.00 67.00 82.00 OK
r-patched-linux-x86_64 1.3 5.34 35.15 40.49 OK
r-patched-solaris-x86 1.3 76.30 OK
r-release-linux-x86_64 1.3 5.42 32.26 37.68 OK
r-release-windows-ix86+x86_64 1.3 11.00 59.00 70.00 OK
r-release-osx-x86_64 1.3 OK
r-oldrel-windows-ix86+x86_64 1.3 8.00 55.00 63.00 OK
r-oldrel-osx-x86_64 1.3 OK

Check Details

Version: 1.3
Check: compiled code
Result: NOTE
    File ‘simplexreg/libs/simplexreg.so’:
     Found no calls to: ‘R_registerRoutines’, ‘R_useDynamicSymbols’
    
    It is good practice to register native routines and to disable symbol
    search.
    
    See ‘Writing portable packages’ in the ‘Writing R Extensions’ manual.
Flavors: r-devel-linux-x86_64-fedora-clang, r-devel-linux-x86_64-fedora-gcc