CRAN Package Check Results for Package simMP

Last updated on 2020-03-30 20:48:42 CEST.

Flavor Version Tinstall Tcheck Ttotal Status Flags
r-devel-linux-x86_64-debian-clang 0.17.3 2.64 56.07 58.71 NOTE
r-devel-linux-x86_64-debian-gcc 0.17.3 2.09 43.15 45.24 NOTE
r-devel-linux-x86_64-fedora-clang 0.17.3 68.48 NOTE
r-devel-linux-x86_64-fedora-gcc 0.17.3 69.86 NOTE
r-devel-windows-ix86+x86_64 0.17.3 8.00 37.00 45.00 OK
r-devel-windows-ix86+x86_64-gcc8 0.17.3 5.00 40.00 45.00 OK
r-patched-linux-x86_64 0.17.3 2.50 53.59 56.09 NOTE
r-patched-solaris-x86 0.17.3 109.00 NOTE
r-release-linux-x86_64 0.17.3 1.97 46.90 48.87 OK
r-release-windows-ix86+x86_64 0.17.3 10.00 87.00 97.00 OK
r-release-osx-x86_64 0.17.3 NOTE
r-oldrel-windows-ix86+x86_64 0.17.3 5.00 78.00 83.00 OK
r-oldrel-osx-x86_64 0.17.3 ERROR

Check Details

Version: 0.17.3
Check: for non-standard things in the check directory
Result: NOTE
    Found the following files/directories:
     'res_mutation.tsv' 'res_mutationCounts.txt'
     'res_processContribution.txt' 'res_processes.txt'
Flavors: r-devel-linux-x86_64-debian-clang, r-devel-linux-x86_64-debian-gcc, r-devel-linux-x86_64-fedora-clang, r-devel-linux-x86_64-fedora-gcc, r-patched-linux-x86_64, r-patched-solaris-x86

Version: 0.17.3
Check: package dependencies
Result: NOTE
    Package suggested but not available for checking: ‘BSgenome.Hsapiens.UCSC.hg38’
Flavor: r-release-osx-x86_64

Version: 0.17.3
Check: package dependencies
Result: ERROR
    Package required but not available: ‘BSgenome’
    
    Package suggested but not available for checking: ‘BSgenome.Hsapiens.UCSC.hg38’
    
    See section ‘The DESCRIPTION file’ in the ‘Writing R Extensions’
    manual.
Flavor: r-oldrel-osx-x86_64