CRAN Package Check Results for Package sicegar

Last updated on 2020-05-29 17:49:17 CEST.

Flavor Version Tinstall Tcheck Ttotal Status Flags
r-devel-linux-x86_64-debian-clang 0.2.3 3.47 106.16 109.63 OK
r-devel-linux-x86_64-debian-gcc 0.2.3 3.20 78.00 81.20 OK
r-devel-linux-x86_64-fedora-clang 0.2.3 142.01 NOTE
r-devel-linux-x86_64-fedora-gcc 0.2.3 138.78 NOTE
r-devel-windows-ix86+x86_64 0.2.3 13.00 170.00 183.00 OK
r-patched-linux-x86_64 0.2.3 3.47 104.16 107.63 OK
r-patched-solaris-x86 0.2.3 167.00 NOTE
r-release-linux-x86_64 0.2.3 3.60 103.93 107.53 OK
r-release-osx-x86_64 0.2.3 NOTE
r-release-windows-ix86+x86_64 0.2.3 10.00 221.00 231.00 OK
r-oldrel-osx-x86_64 0.2.3 NOTE
r-oldrel-windows-ix86+x86_64 0.2.3 7.00 109.00 116.00 OK

Check Details

Version: 0.2.3
Check: dependencies in R code
Result: NOTE
    Namespace in Imports field not imported from: ‘dplyr’
     All declared Imports should be used.
Flavors: r-devel-linux-x86_64-fedora-clang, r-devel-linux-x86_64-fedora-gcc, r-patched-solaris-x86, r-release-osx-x86_64, r-oldrel-osx-x86_64