CRAN Package Check Results for Package shinyypr

Last updated on 2021-06-24 09:52:46 CEST.

Flavor Version Tinstall Tcheck Ttotal Status Flags
r-devel-linux-x86_64-debian-clang 0.0.2 7.50 63.95 71.45 NOTE
r-devel-linux-x86_64-debian-gcc 0.0.2 5.41 47.93 53.34 NOTE
r-devel-linux-x86_64-fedora-clang 0.0.2 91.58 NOTE
r-devel-linux-x86_64-fedora-gcc 0.0.2 82.03 NOTE
r-devel-windows-x86_64 0.0.2 12.00 86.00 98.00 NOTE
r-devel-windows-x86_64-gcc10-UCRT 0.0.2 NOTE
r-patched-linux-x86_64 0.0.2 6.73 59.19 65.92 NOTE
r-patched-solaris-x86 0.0.2 117.60 NOTE
r-release-linux-x86_64 0.0.2 6.39 59.24 65.63 NOTE
r-release-macos-arm64 0.0.2 NOTE
r-release-macos-x86_64 0.0.2 NOTE
r-release-windows-ix86+x86_64 0.0.2 11.00 74.00 85.00 NOTE
r-oldrel-macos-x86_64 0.0.2 OK

Check Details

Version: 0.0.2
Check: LazyData
Result: NOTE
     'LazyData' is specified without a 'data' directory
Flavors: r-devel-linux-x86_64-debian-clang, r-devel-linux-x86_64-debian-gcc, r-devel-linux-x86_64-fedora-clang, r-devel-linux-x86_64-fedora-gcc, r-devel-windows-x86_64, r-devel-windows-x86_64-gcc10-UCRT, r-patched-linux-x86_64, r-patched-solaris-x86, r-release-linux-x86_64, r-release-macos-arm64, r-release-macos-x86_64, r-release-windows-ix86+x86_64

Version: 0.0.2
Check: package dependencies
Result: NOTE
    Package suggested but not available for checking: 'covr'
Flavor: r-devel-windows-x86_64-gcc10-UCRT