CRAN Package Check Results for Package shinypanels

Last updated on 2021-04-15 09:50:15 CEST.

Flavor Version Tinstall Tcheck Ttotal Status Flags
r-devel-linux-x86_64-debian-clang 0.5.0 2.32 25.63 27.95 NOTE
r-devel-linux-x86_64-debian-gcc 0.5.0 2.00 20.59 22.59 NOTE
r-devel-linux-x86_64-fedora-clang 0.5.0 45.68 NOTE
r-devel-linux-x86_64-fedora-gcc 0.5.0 33.68 NOTE
r-devel-windows-ix86+x86_64 0.5.0 6.00 35.00 41.00 NOTE
r-devel-windows-x86_64-gcc10-UCRT 0.5.0 NOTE
r-patched-linux-x86_64 0.5.0 2.28 25.09 27.37 OK
r-patched-solaris-x86 0.5.0 53.60 NOTE
r-release-linux-x86_64 0.5.0 2.23 25.10 27.33 OK
r-release-macos-x86_64 0.5.0 NOTE
r-release-windows-ix86+x86_64 0.5.0 15.00 47.00 62.00 OK
r-oldrel-macos-x86_64 0.5.0 NOTE
r-oldrel-windows-ix86+x86_64 0.5.0 4.00 33.00 37.00 OK

Check Details

Version: 0.5.0
Check: LazyData
Result: NOTE
     'LazyData' is specified without a 'data' directory
Flavors: r-devel-linux-x86_64-debian-clang, r-devel-linux-x86_64-debian-gcc, r-devel-linux-x86_64-fedora-clang, r-devel-linux-x86_64-fedora-gcc, r-devel-windows-ix86+x86_64, r-devel-windows-x86_64-gcc10-UCRT

Version: 0.5.0
Check: dependencies in R code
Result: NOTE
    Namespaces in Imports field not imported from:
     ‘shiny’ ‘shinyjs’
     All declared Imports should be used.
Flavors: r-devel-linux-x86_64-fedora-clang, r-devel-linux-x86_64-fedora-gcc, r-devel-windows-x86_64-gcc10-UCRT, r-patched-solaris-x86, r-release-macos-x86_64, r-oldrel-macos-x86_64