CRAN Package Check Results for Package shinyloadtest

Last updated on 2020-03-30 20:48:42 CEST.

Flavor Version Tinstall Tcheck Ttotal Status Flags
r-devel-linux-x86_64-debian-clang 1.0.1 7.44 45.86 53.30 OK
r-devel-linux-x86_64-debian-gcc 1.0.1 6.37 35.23 41.60 OK
r-devel-linux-x86_64-fedora-clang 1.0.1 63.91 NOTE
r-devel-linux-x86_64-fedora-gcc 1.0.1 63.00 NOTE
r-devel-windows-ix86+x86_64 1.0.1 16.00 54.00 70.00 OK
r-devel-windows-ix86+x86_64-gcc8 1.0.1 19.00 62.00 81.00 OK
r-patched-linux-x86_64 1.0.1 7.94 43.49 51.43 OK
r-patched-solaris-x86 1.0.1 96.60 NOTE
r-release-linux-x86_64 1.0.1 7.06 40.42 47.48 OK
r-release-windows-ix86+x86_64 1.0.1 27.00 85.00 112.00 OK
r-release-osx-x86_64 1.0.1 NOTE
r-oldrel-windows-ix86+x86_64 1.0.1 16.00 84.00 100.00 OK
r-oldrel-osx-x86_64 1.0.1 NOTE

Check Details

Version: 1.0.1
Check: package dependencies
Result: NOTE
    Imports includes 22 non-default packages.
    Importing from so many packages makes the package vulnerable to any of
    them becoming unavailable. Move as many as possible to Suggests and
    use conditionally.
Flavor: r-devel-linux-x86_64-fedora-clang

Version: 1.0.1
Check: dependencies in R code
Result: NOTE
    Namespaces in Imports field not imported from:
     ‘R6’ ‘getPass’ ‘svglite’ ‘websocket’
     All declared Imports should be used.
Flavors: r-devel-linux-x86_64-fedora-clang, r-devel-linux-x86_64-fedora-gcc, r-patched-solaris-x86, r-release-osx-x86_64, r-oldrel-osx-x86_64