CRAN Package Check Results for Package shinySIR

Last updated on 2021-06-14 08:49:51 CEST.

Flavor Version Tinstall Tcheck Ttotal Status Flags
r-devel-linux-x86_64-debian-clang 0.1.2 7.86 62.70 70.56 NOTE
r-devel-linux-x86_64-debian-gcc 0.1.2 5.90 47.75 53.65 NOTE
r-devel-linux-x86_64-fedora-clang 0.1.2 94.46 NOTE
r-devel-linux-x86_64-fedora-gcc 0.1.2 81.59 NOTE
r-devel-windows-x86_64 0.1.2 14.00 85.00 99.00 NOTE
r-devel-windows-x86_64-gcc10-UCRT 0.1.2 NOTE
r-patched-linux-x86_64 0.1.2 7.34 60.25 67.59 NOTE
r-patched-solaris-x86 0.1.2 117.90 NOTE
r-release-linux-x86_64 0.1.2 5.79 60.23 66.02 NOTE
r-release-macos-arm64 0.1.2 NOTE
r-release-macos-x86_64 0.1.2 NOTE
r-release-windows-ix86+x86_64 0.1.2 18.00 87.00 105.00 NOTE
r-oldrel-macos-x86_64 0.1.2 OK
r-oldrel-windows-ix86+x86_64 0.1.2 21.00 85.00 106.00 OK

Check Details

Version: 0.1.2
Check: LazyData
Result: NOTE
     'LazyData' is specified without a 'data' directory
Flavors: r-devel-linux-x86_64-debian-clang, r-devel-linux-x86_64-debian-gcc, r-devel-linux-x86_64-fedora-clang, r-devel-linux-x86_64-fedora-gcc, r-devel-windows-x86_64, r-devel-windows-x86_64-gcc10-UCRT, r-patched-linux-x86_64, r-patched-solaris-x86, r-release-linux-x86_64, r-release-macos-arm64, r-release-macos-x86_64, r-release-windows-ix86+x86_64