CRAN Package Check Results for Package shinyAce

Last updated on 2021-06-22 09:51:53 CEST.

Flavor Version Tinstall Tcheck Ttotal Status Flags
r-devel-linux-x86_64-debian-clang 0.4.1 5.27 43.50 48.77 OK
r-devel-linux-x86_64-debian-gcc 0.4.1 3.96 34.76 38.72 OK
r-devel-linux-x86_64-fedora-clang 0.4.1 66.81 NOTE
r-devel-linux-x86_64-fedora-gcc 0.4.1 65.30 OK
r-devel-windows-x86_64 0.4.1 9.00 63.00 72.00 NOTE
r-devel-windows-x86_64-gcc10-UCRT 0.4.1 OK
r-patched-linux-x86_64 0.4.1 5.82 42.03 47.85 OK
r-patched-solaris-x86 0.4.1 85.80 NOTE
r-release-linux-x86_64 0.4.1 5.98 42.22 48.20 OK
r-release-macos-arm64 0.4.1 NOTE
r-release-macos-x86_64 0.4.1 NOTE
r-release-windows-ix86+x86_64 0.4.1 13.00 66.00 79.00 NOTE
r-oldrel-macos-x86_64 0.4.1 NOTE

Check Details

Version: 0.4.1
Check: installed package size
Result: NOTE
     installed size is 8.2Mb
     sub-directories of 1Mb or more:
     www 7.7Mb
Flavors: r-devel-linux-x86_64-fedora-clang, r-devel-windows-x86_64, r-patched-solaris-x86, r-release-macos-arm64, r-release-macos-x86_64, r-release-windows-ix86+x86_64, r-oldrel-macos-x86_64