CRAN Package Check Results for Package shadow

Last updated on 2020-04-09 15:54:01 CEST.

Flavor Version Tinstall Tcheck Ttotal Status Flags
r-devel-linux-x86_64-debian-clang 0.6.4.1 11.05 136.99 148.04 OK
r-devel-linux-x86_64-debian-gcc 0.6.4.1 7.68 105.47 113.15 OK
r-devel-linux-x86_64-fedora-clang 0.6.4.1 184.81 NOTE
r-devel-linux-x86_64-fedora-gcc 0.6.4.1 174.93 NOTE
r-devel-windows-ix86+x86_64 0.6.4.1 21.00 215.00 236.00 OK
r-devel-windows-ix86+x86_64-gcc8 0.6.4 18.00 150.00 168.00 OK
r-patched-linux-x86_64 0.6.4.1 8.90 133.16 142.06 OK
r-patched-osx-x86_64 0.6.4.1 NOTE
r-patched-solaris-x86 0.6.4.1 242.60 NOTE
r-release-linux-x86_64 0.6.4.1 8.78 121.93 130.71 OK
r-release-windows-ix86+x86_64 0.6.4.1 21.00 153.00 174.00 OK
r-release-osx-x86_64 0.6.4.1 NOTE
r-oldrel-windows-ix86+x86_64 0.6.4.1 18.00 197.00 215.00 OK
r-oldrel-osx-x86_64 0.6.4 NOTE

Check Details

Version: 0.6.4.1
Check: dependencies in R code
Result: NOTE
    Namespaces in Imports field not imported from:
     ‘parallel’ ‘plyr’
     All declared Imports should be used.
Flavors: r-devel-linux-x86_64-fedora-clang, r-devel-linux-x86_64-fedora-gcc, r-patched-osx-x86_64, r-patched-solaris-x86, r-release-osx-x86_64

Version: 0.6.4
Check: dependencies in R code
Result: NOTE
    Namespaces in Imports field not imported from:
     ‘parallel’ ‘plyr’
     All declared Imports should be used.
Flavor: r-oldrel-osx-x86_64