CRAN Package Check Results for Package sgmodel

Last updated on 2021-06-16 09:53:38 CEST.

Flavor Version Tinstall Tcheck Ttotal Status Flags
r-devel-linux-x86_64-debian-clang 0.1.1 4.24 54.40 58.64 NOTE
r-devel-linux-x86_64-debian-gcc 0.1.1 3.15 41.68 44.83 NOTE
r-devel-linux-x86_64-fedora-clang 0.1.1 77.36 NOTE
r-devel-linux-x86_64-fedora-gcc 0.1.1 68.99 NOTE
r-devel-windows-x86_64 0.1.1 8.00 79.00 87.00 NOTE
r-devel-windows-x86_64-gcc10-UCRT 0.1.1 NOTE
r-patched-linux-x86_64 0.1.1 4.48 52.44 56.92 NOTE
r-patched-solaris-x86 0.1.1 107.70 NOTE
r-release-linux-x86_64 0.1.1 4.27 51.39 55.66 NOTE
r-release-macos-arm64 0.1.1 NOTE
r-release-macos-x86_64 0.1.1 NOTE
r-release-windows-ix86+x86_64 0.1.1 12.00 78.00 90.00 NOTE
r-oldrel-macos-x86_64 0.1.1 OK
r-oldrel-windows-ix86+x86_64 0.1.1 15.00 81.00 96.00 OK

Check Details

Version: 0.1.1
Check: LazyData
Result: NOTE
     'LazyData' is specified without a 'data' directory
Flavors: r-devel-linux-x86_64-debian-clang, r-devel-linux-x86_64-debian-gcc, r-devel-linux-x86_64-fedora-clang, r-devel-linux-x86_64-fedora-gcc, r-devel-windows-x86_64, r-devel-windows-x86_64-gcc10-UCRT, r-patched-linux-x86_64, r-patched-solaris-x86, r-release-linux-x86_64, r-release-macos-arm64, r-release-macos-x86_64, r-release-windows-ix86+x86_64