CRAN Package Check Results for Package sfsmisc

Last updated on 2021-04-15 09:50:15 CEST.

Flavor Version Tinstall Tcheck Ttotal Status Flags
r-devel-linux-x86_64-debian-clang 1.1-10 7.26 71.53 78.79 OK
r-devel-linux-x86_64-debian-gcc 1.1-11 6.63 53.27 59.90 OK
r-devel-linux-x86_64-fedora-clang 1.1-11 107.43 OK
r-devel-linux-x86_64-fedora-gcc 1.1-11 103.25 OK
r-devel-windows-ix86+x86_64 1.1-10 14.00 86.00 100.00 OK
r-devel-windows-x86_64-gcc10-UCRT 1.1-11 OK
r-patched-linux-x86_64 1.1-11 7.14 65.55 72.69 OK
r-patched-solaris-x86 1.1-11 121.40 OK
r-release-linux-x86_64 1.1-11 7.39 65.32 72.71 OK
r-release-macos-x86_64 1.1-11 OK
r-release-windows-ix86+x86_64 1.1-11 14.00 104.00 118.00 OK
r-oldrel-macos-x86_64 1.1-11 NOTE
r-oldrel-windows-ix86+x86_64 1.1-11 13.00 92.00 105.00 OK

Check Details

Version: 1.1-11
Check: dependencies in R code
Result: NOTE
    No protocol specified
    No protocol specified
Flavor: r-oldrel-macos-x86_64