CRAN Package Check Results for Package sfdct

Last updated on 2021-06-24 09:52:45 CEST.

Flavor Version Tinstall Tcheck Ttotal Status Flags
r-devel-linux-x86_64-debian-clang 0.1.0 8.44 106.49 114.93 OK
r-devel-linux-x86_64-debian-gcc 0.1.0 6.85 78.14 84.99 OK
r-devel-linux-x86_64-fedora-clang 0.1.0 140.01 OK
r-devel-linux-x86_64-fedora-gcc 0.1.0 133.04 OK
r-devel-windows-x86_64 0.1.0 13.00 195.00 208.00 OK
r-devel-windows-x86_64-gcc10-UCRT 0.1.0 NOTE
r-patched-linux-x86_64 0.1.0 8.09 97.72 105.81 OK
r-patched-solaris-x86 0.1.0 188.20 OK
r-release-linux-x86_64 0.1.0 7.56 96.97 104.53 OK
r-release-macos-arm64 0.1.0 OK
r-release-macos-x86_64 0.1.0 OK
r-release-windows-ix86+x86_64 0.1.0 17.00 107.00 124.00 OK
r-oldrel-macos-x86_64 0.1.0 OK

Check Details

Version: 0.1.0
Check: package dependencies
Result: NOTE
    Package suggested but not available for checking: 'covr'
Flavor: r-devel-windows-x86_64-gcc10-UCRT