CRAN Package Check Results for Package setRNG

Last updated on 2020-07-06 21:50:38 CEST.

Flavor Version Tinstall Tcheck Ttotal Status Flags
r-devel-linux-x86_64-debian-clang 2013.9-1 1.85 21.92 23.77 NOTE
r-devel-linux-x86_64-debian-gcc 2013.9-1 1.61 17.75 19.36 NOTE
r-devel-linux-x86_64-fedora-clang 2013.9-1 39.26 NOTE
r-devel-linux-x86_64-fedora-gcc 2013.9-1 30.39 NOTE
r-devel-windows-ix86+x86_64 2013.9-1 6.00 33.00 39.00 NOTE
r-patched-linux-x86_64 2013.9-1 1.80 22.03 23.83 NOTE
r-patched-solaris-x86 2013.9-1 45.30 NOTE
r-release-linux-x86_64 2013.9-1 1.81 22.09 23.90 NOTE
r-release-osx-x86_64 2013.9-1 NOTE
r-release-windows-ix86+x86_64 2013.9-1 5.00 46.00 51.00 NOTE
r-oldrel-osx-x86_64 2013.9-1 NOTE
r-oldrel-windows-ix86+x86_64 2013.9-1 4.00 47.00 51.00 NOTE

Check Details

Version: 2013.9-1
Check: R code for possible problems
Result: NOTE
    random.number.test: no visible global function definition for 'runif'
    random.number.test: no visible global function definition for 'rnorm'
    setRNG: no visible global function definition for 'runif'
    Undefined global functions or variables:
     rnorm runif
    Consider adding
     importFrom("stats", "rnorm", "runif")
    to your NAMESPACE file.
Flavors: r-devel-linux-x86_64-debian-clang, r-devel-linux-x86_64-debian-gcc, r-devel-linux-x86_64-fedora-clang, r-devel-linux-x86_64-fedora-gcc, r-devel-windows-ix86+x86_64, r-patched-linux-x86_64, r-patched-solaris-x86, r-release-linux-x86_64, r-release-osx-x86_64, r-release-windows-ix86+x86_64, r-oldrel-osx-x86_64, r-oldrel-windows-ix86+x86_64