CRAN Package Check Results for Package sequences

Last updated on 2021-06-22 09:51:53 CEST.

Flavor Version Tinstall Tcheck Ttotal Status Flags
r-devel-linux-x86_64-debian-clang 0.5.9 15.51 37.89 53.40 OK
r-devel-linux-x86_64-debian-gcc 0.5.9 9.75 30.43 40.18 OK
r-devel-linux-x86_64-fedora-clang 0.5.9 76.93 NOTE
r-devel-linux-x86_64-fedora-gcc 0.5.9 63.86 NOTE
r-devel-windows-x86_64 0.5.9 24.00 81.00 105.00 OK
r-devel-windows-x86_64-gcc10-UCRT 0.5.9 OK
r-patched-linux-x86_64 0.5.9 11.04 37.50 48.54 OK
r-patched-solaris-x86 0.5.9 92.10 OK
r-release-linux-x86_64 0.5.9 11.37 37.37 48.74 OK
r-release-macos-arm64 0.5.9 OK
r-release-macos-x86_64 0.5.9 OK
r-release-windows-ix86+x86_64 0.5.9 37.00 89.00 126.00 OK
r-oldrel-macos-x86_64 0.5.9 OK

Check Details

Version: 0.5.9
Check: compiled code
Result: NOTE
    File ‘sequences/libs/sequences.so’:
     Found no calls to: ‘R_registerRoutines’, ‘R_useDynamicSymbols’
    
    It is good practice to register native routines and to disable symbol
    search.
    
    See ‘Writing portable packages’ in the ‘Writing R Extensions’ manual.
Flavors: r-devel-linux-x86_64-fedora-clang, r-devel-linux-x86_64-fedora-gcc