CRAN Package Check Results for Package sejmRP

Last updated on 2021-04-15 09:50:15 CEST.

Flavor Version Tinstall Tcheck Ttotal Status Flags
r-devel-linux-x86_64-debian-clang 1.3.4 7.23 56.60 63.83 NOTE
r-devel-linux-x86_64-debian-gcc 1.3.4 6.26 44.81 51.07 NOTE
r-devel-linux-x86_64-fedora-clang 1.3.4 87.07 NOTE
r-devel-linux-x86_64-fedora-gcc 1.3.4 72.81 NOTE
r-devel-windows-ix86+x86_64 1.3.4 19.00 67.00 86.00 NOTE
r-devel-windows-x86_64-gcc10-UCRT 1.3.4 NOTE
r-patched-linux-x86_64 1.3.4 7.14 52.99 60.13 OK
r-patched-solaris-x86 1.3.4 111.40 NOTE
r-release-linux-x86_64 1.3.4 5.79 52.11 57.90 OK
r-release-macos-x86_64 1.3.4 NOTE
r-release-windows-ix86+x86_64 1.3.4 20.00 83.00 103.00 OK
r-oldrel-macos-x86_64 1.3.4 NOTE
r-oldrel-windows-ix86+x86_64 1.3.4 10.00 54.00 64.00 OK

Check Details

Version: 1.3.4
Check: LazyData
Result: NOTE
     'LazyData' is specified without a 'data' directory
Flavors: r-devel-linux-x86_64-debian-clang, r-devel-linux-x86_64-debian-gcc, r-devel-linux-x86_64-fedora-clang, r-devel-linux-x86_64-fedora-gcc, r-devel-windows-ix86+x86_64, r-devel-windows-x86_64-gcc10-UCRT

Version: 1.3.4
Check: dependencies in R code
Result: NOTE
    Namespaces in Imports field not imported from:
     ‘cluster’ ‘factoextra’ ‘tidyr’
     All declared Imports should be used.
Flavors: r-devel-linux-x86_64-fedora-clang, r-devel-linux-x86_64-fedora-gcc, r-devel-windows-x86_64-gcc10-UCRT, r-patched-solaris-x86, r-release-macos-x86_64, r-oldrel-macos-x86_64