CRAN Package Check Results for Package seeds

Last updated on 2021-04-15 09:50:15 CEST.

Flavor Version Tinstall Tcheck Ttotal Status Flags
r-devel-linux-x86_64-debian-clang 0.9.1 6.80 69.92 76.72 OK
r-devel-linux-x86_64-debian-gcc 0.9.1 6.02 53.71 59.73 OK
r-devel-linux-x86_64-fedora-clang 0.9.1 104.84 NOTE
r-devel-linux-x86_64-fedora-gcc 0.9.1 89.98 NOTE
r-devel-windows-ix86+x86_64 0.9.1 17.00 70.00 87.00 OK
r-devel-windows-x86_64-gcc10-UCRT 0.9.1 NOTE
r-patched-linux-x86_64 0.9.1 7.62 65.88 73.50 OK
r-patched-solaris-x86 0.9.1 119.40 NOTE
r-release-linux-x86_64 0.9.1 7.22 65.63 72.85 OK
r-release-macos-x86_64 0.9.1 NOTE
r-release-windows-ix86+x86_64 0.9.1 18.00 97.00 115.00 OK
r-oldrel-macos-x86_64 0.9.1 NOTE
r-oldrel-windows-ix86+x86_64 0.9.1 9.00 69.00 78.00 OK

Check Details

Version: 0.9.1
Check: package dependencies
Result: NOTE
    Package suggested but not available for checking: ‘rsbml’
Flavors: r-devel-linux-x86_64-fedora-clang, r-devel-linux-x86_64-fedora-gcc, r-devel-windows-x86_64-gcc10-UCRT, r-patched-solaris-x86, r-release-macos-x86_64, r-oldrel-macos-x86_64