CRAN Package Check Results for Package secuTrialR

Last updated on 2021-04-15 09:50:15 CEST.

Flavor Version Tinstall Tcheck Ttotal Status Flags
r-devel-linux-x86_64-debian-clang 1.0.9 10.02 111.45 121.47 NOTE
r-devel-linux-x86_64-debian-gcc 1.0.9 7.28 83.91 91.19 NOTE
r-devel-linux-x86_64-fedora-clang 1.0.9 159.42 NOTE
r-devel-linux-x86_64-fedora-gcc 1.0.9 143.42 NOTE
r-devel-windows-ix86+x86_64 1.0.9 19.00 152.00 171.00 NOTE
r-devel-windows-x86_64-gcc10-UCRT 1.0.9 NOTE
r-patched-linux-x86_64 1.0.9 10.01 102.37 112.38 OK
r-patched-solaris-x86 1.0.9 181.70 OK
r-release-linux-x86_64 1.0.9 8.00 103.34 111.34 OK
r-release-macos-x86_64 1.0.9 OK
r-release-windows-ix86+x86_64 1.0.9 21.00 201.00 222.00 OK
r-oldrel-macos-x86_64 1.0.9 OK
r-oldrel-windows-ix86+x86_64 1.0.9 12.00 104.00 116.00 OK

Check Details

Version: 1.0.9
Check: LazyData
Result: NOTE
     'LazyData' is specified without a 'data' directory
Flavors: r-devel-linux-x86_64-debian-clang, r-devel-linux-x86_64-debian-gcc, r-devel-linux-x86_64-fedora-clang, r-devel-linux-x86_64-fedora-gcc, r-devel-windows-ix86+x86_64, r-devel-windows-x86_64-gcc10-UCRT