CRAN Package Check Results for Package secsse

Last updated on 2020-03-30 20:48:42 CEST.

Flavor Version Tinstall Tcheck Ttotal Status Flags
r-devel-linux-x86_64-debian-clang 2.0.0 6.16 42.16 48.32 OK
r-devel-linux-x86_64-debian-gcc 2.0.0 4.61 33.31 37.92 OK
r-devel-linux-x86_64-fedora-clang 2.0.0 57.68 OK
r-devel-linux-x86_64-fedora-gcc 2.0.0 56.64 OK
r-devel-windows-ix86+x86_64 2.0.0 21.00 65.00 86.00 NOTE
r-devel-windows-ix86+x86_64-gcc8 2.0.0 14.00 67.00 81.00 NOTE
r-patched-linux-x86_64 2.0.0 4.91 41.34 46.25 OK
r-patched-solaris-x86 2.0.0 84.30 OK
r-release-linux-x86_64 2.0.0 4.17 38.10 42.27 OK
r-release-windows-ix86+x86_64 2.0.0 24.00 87.00 111.00 NOTE
r-release-osx-x86_64 2.0.0 OK
r-oldrel-windows-ix86+x86_64 2.0.0 25.00 89.00 114.00 NOTE
r-oldrel-osx-x86_64 2.0.0 OK

Check Details

Version: 2.0.0
Check: package dependencies
Result: NOTE
    Package which this enhances but not available for checking: 'doMC'
Flavors: r-devel-windows-ix86+x86_64, r-devel-windows-ix86+x86_64-gcc8, r-release-windows-ix86+x86_64, r-oldrel-windows-ix86+x86_64