CRAN Package Check Results for Package seagull

Last updated on 2021-06-16 09:53:38 CEST.

Flavor Version Tinstall Tcheck Ttotal Status Flags
r-devel-linux-x86_64-debian-clang 1.1.0 181.58 60.83 242.41 OK
r-devel-linux-x86_64-debian-gcc 1.1.0 122.00 44.19 166.19 OK
r-devel-linux-x86_64-fedora-clang 1.1.0 337.61 NOTE
r-devel-linux-x86_64-fedora-gcc 1.1.0 309.20 OK
r-devel-windows-x86_64 1.1.0 218.00 111.00 329.00 OK
r-devel-windows-x86_64-gcc10-UCRT 1.1.0 OK
r-patched-linux-x86_64 1.1.0 141.78 56.51 198.29 OK
r-patched-solaris-x86 1.1.0 318.70 OK
r-release-linux-x86_64 1.1.0 145.81 57.52 203.33 OK
r-release-macos-arm64 1.1.0 NOTE
r-release-macos-x86_64 1.1.0 NOTE
r-release-windows-ix86+x86_64 1.1.0 417.00 127.00 544.00 OK
r-oldrel-macos-x86_64 1.1.0 NOTE
r-oldrel-windows-ix86+x86_64 1.1.0 310.00 116.00 426.00 OK

Check Details

Version: 1.1.0
Check: installed package size
Result: NOTE
     installed size is 6.6Mb
     sub-directories of 1Mb or more:
     libs 5.9Mb
Flavors: r-devel-linux-x86_64-fedora-clang, r-release-macos-arm64, r-release-macos-x86_64, r-oldrel-macos-x86_64