CRAN Package Check Results for Package sdmpredictors

Last updated on 2020-04-09 15:54:01 CEST.

Flavor Version Tinstall Tcheck Ttotal Status Flags
r-devel-linux-x86_64-debian-clang 0.2.8 9.75 162.00 171.75 OK
r-devel-linux-x86_64-debian-gcc 0.2.8 9.87 127.27 137.14 OK
r-devel-linux-x86_64-fedora-clang 0.2.8 208.54 OK
r-devel-linux-x86_64-fedora-gcc 0.2.8 216.86 OK
r-devel-windows-ix86+x86_64 0.2.8 18.00 228.00 246.00 OK
r-devel-windows-ix86+x86_64-gcc8 0.2.8 20.00 155.00 175.00 OK
r-patched-linux-x86_64 0.2.8 10.29 157.08 167.37 OK
r-patched-osx-x86_64 0.2.8 WARN
r-patched-solaris-x86 0.2.8 333.30 OK
r-release-linux-x86_64 0.2.8 10.28 149.28 159.56 OK
r-release-windows-ix86+x86_64 0.2.8 19.00 214.00 233.00 OK
r-release-osx-x86_64 0.2.8 OK
r-oldrel-windows-ix86+x86_64 0.2.8 17.00 159.00 176.00 OK
r-oldrel-osx-x86_64 0.2.8 OK

Check Details

Version: 0.2.8
Check: re-building of vignette outputs
Result: WARN
    Error(s) in re-building vignettes:
    --- re-building ‘quickstart.Rmd’ using rmarkdown
    Loading required package: raster
    Loading required package: sp
    Loading required package: rgdal
    rgdal: version: 1.4-8, (SVN revision 845)
     Geospatial Data Abstraction Library extensions to R successfully loaded
     Loaded GDAL runtime: GDAL 2.4.2, released 2019/06/28
     Path to GDAL shared files: /Volumes/Builds/packages/high-sierra-x86_64/Rlib/4.0/rgdal/gdal
     GDAL binary built with GEOS: FALSE
     Loaded PROJ.4 runtime: Rel. 5.2.0, September 15th, 2018, [PJ_VERSION: 520]
     Path to PROJ.4 shared files: /Volumes/Builds/packages/high-sierra-x86_64/Rlib/4.0/rgdal/proj
     Linking to sp version: 1.4-1
    trying URL 'http://www.lifewatch.be/sdmpredictors/BO_ph_lonlat.tif'
    Content type 'image/tiff' length 2518560 bytes (2.4 MB)
    ==================================================
    downloaded 2.4 MB
    
    trying URL 'http://www.lifewatch.be/sdmpredictors/BO_salinity_lonlat.tif'
    Content type 'image/tiff' length 5841760 bytes (5.6 MB)
    ==================================================
    downloaded 5.6 MB
    
    trying URL 'http://www.lifewatch.be/sdmpredictors/BO_ph.tif'
    Content type 'image/tiff' length 3201193 bytes (3.1 MB)
    ==================================================
    downloaded 3.1 MB
    
    dyld: lazy symbol binding failed: Symbol not found: ____chkstk_darwin
     Referenced from: /usr/local/bin/pandoc (which was built for Mac OS X 10.15)
     Expected in: /usr/lib/libSystem.B.dylib
    
    dyld: Symbol not found: ____chkstk_darwin
     Referenced from: /usr/local/bin/pandoc (which was built for Mac OS X 10.15)
     Expected in: /usr/lib/libSystem.B.dylib
    
    Error: processing vignette 'quickstart.Rmd' failed with diagnostics:
    pandoc document conversion failed with error 6
    --- failed re-building ‘quickstart.Rmd’
    
    SUMMARY: processing the following file failed:
     ‘quickstart.Rmd’
    
    Error: Vignette re-building failed.
    Execution halted
Flavor: r-patched-osx-x86_64