CRAN Package Check Results for Package sdglinkage

Last updated on 2021-06-24 09:52:45 CEST.

Flavor Version Tinstall Tcheck Ttotal Status Flags
r-devel-linux-x86_64-debian-clang 0.1.0 7.28 363.18 370.46 OK
r-devel-linux-x86_64-debian-gcc 0.1.0 5.87 255.81 261.68 OK
r-devel-linux-x86_64-fedora-clang 0.1.0 433.17 NOTE
r-devel-linux-x86_64-fedora-gcc 0.1.0 434.80 OK
r-devel-windows-x86_64 0.1.0 11.00 422.00 433.00 NOTE
r-devel-windows-x86_64-gcc10-UCRT 0.1.0 ERROR
r-patched-linux-x86_64 0.1.0 6.79 345.09 351.88 OK
r-patched-solaris-x86 0.1.0 419.60 WARN
r-release-linux-x86_64 0.1.0 7.43 345.71 353.14 OK
r-release-macos-arm64 0.1.0 WARN
r-release-macos-x86_64 0.1.0 WARN
r-release-windows-ix86+x86_64 0.1.0 12.00 336.00 348.00 NOTE
r-oldrel-macos-x86_64 0.1.0 WARN

Check Details

Version: 0.1.0
Check: installed package size
Result: NOTE
     installed size is 6.9Mb
     sub-directories of 1Mb or more:
     doc 5.7Mb
Flavors: r-devel-linux-x86_64-fedora-clang, r-devel-windows-x86_64, r-patched-solaris-x86, r-release-macos-arm64, r-release-macos-x86_64, r-release-windows-ix86+x86_64, r-oldrel-macos-x86_64

Version: 0.1.0
Check: Rd cross-references
Result: NOTE
    Undeclared package ‘randomNames’ in Rd xrefs
Flavor: r-devel-linux-x86_64-fedora-clang

Version: 0.1.0
Check: package dependencies
Result: NOTE
    Package suggested but not available for checking: 'PostcodesioR'
Flavor: r-devel-windows-x86_64-gcc10-UCRT

Version: 0.1.0
Check: Rd cross-references
Result: NOTE
    Package unavailable to check Rd xrefs: 'PostcodesioR'
Flavor: r-devel-windows-x86_64-gcc10-UCRT

Version: 0.1.0
Check: examples
Result: ERROR
    Running examples in 'sdglinkage-Ex.R' failed
    The error most likely occurred in:
    
    > ### Name: get_address
    > ### Title: Get an address.
    > ### Aliases: get_address
    >
    > ### ** Examples
    >
    > get_address()
    Error in loadNamespace(x) : there is no package called 'PostcodesioR'
    Calls: get_address ... loadNamespace -> withRestarts -> withOneRestart -> doWithOneRestart
    Execution halted
Flavor: r-devel-windows-x86_64-gcc10-UCRT

Version: 0.1.0
Check: re-building of vignette outputs
Result: WARN
    Error(s) in re-building vignettes:
     ...
    --- re-building ‘From_Sensitive_Real_Identifiers_to_Synthetic_Identifiers.Rmd’ using rmarkdown
    Warning in engine$weave(file, quiet = quiet, encoding = enc) :
     Pandoc (>= 1.12.3) not available. Falling back to R Markdown v1.
    Loading required package: lvec
    
    Attaching package: 'lvec'
    
    The following object is masked from 'package:base':
    
     order
    
    Loading required package: ldat
    Loading required package: Rcpp
    
    Attaching package: 'ldat'
    
    The following objects are masked from 'package:base':
    
     append, match, table, which
    
    
    Attaching package: 'reclin'
    
    The following object is masked from 'package:base':
    
     identical
    
    
    Attaching package: 'dplyr'
    
    The following objects are masked from 'package:stats':
    
     filter, lag
    
    The following objects are masked from 'package:base':
    
     intersect, setdiff, setequal, union
    
    Warning: `group_by_()` was deprecated in dplyr 0.7.0.
    Please use `group_by()` instead.
    See vignette('programming') for more help
    This warning is displayed once every 8 hours.
    Call `lifecycle::last_warnings()` to see where this warning was generated.
    --- finished re-building ‘From_Sensitive_Real_Identifiers_to_Synthetic_Identifiers.Rmd’
    
    --- re-building ‘Generation_of_Gold_Standard_File_and_Linkage_Files.Rmd’ using rmarkdown
    Warning in engine$weave(file, quiet = quiet, encoding = enc) :
     Pandoc (>= 1.12.3) not available. Falling back to R Markdown v1.
    Loading required package: lvec
    
    Attaching package: 'lvec'
    
    The following object is masked from 'package:base':
    
     order
    
    Loading required package: ldat
    Loading required package: Rcpp
    
    Attaching package: 'ldat'
    
    The following objects are masked from 'package:base':
    
     append, match, table, which
    
    
    Attaching package: 'reclin'
    
    The following object is masked from 'package:base':
    
     identical
    
    
    Attaching package: 'dplyr'
    
    The following objects are masked from 'package:stats':
    
     filter, lag
    
    The following objects are masked from 'package:base':
    
     intersect, setdiff, setequal, union
    
    Warning: `group_by_()` was deprecated in dplyr 0.7.0.
    Please use `group_by()` instead.
    See vignette('programming') for more help
    This warning is displayed once every 8 hours.
    Call `lifecycle::last_warnings()` to see where this warning was generated.
    --- finished re-building ‘Generation_of_Gold_Standard_File_and_Linkage_Files.Rmd’
    
    --- re-building ‘Synthetic_Data_Generation_and_Evaluation.Rmd’ using rmarkdown
    Warning in engine$weave(file, quiet = quiet, encoding = enc) :
     Pandoc (>= 1.12.3) not available. Falling back to R Markdown v1.
    Quitting from lines 73-74 (Synthetic_Data_Generation_and_Evaluation.Rmd)
    Error: processing vignette 'Synthetic_Data_Generation_and_Evaluation.Rmd' failed with diagnostics:
    there is no package called 'webshot'
    --- failed re-building ‘Synthetic_Data_Generation_and_Evaluation.Rmd’
    
    --- re-building ‘sdglinkage_README.Rmd’ using rmarkdown
    Warning in engine$weave(file, quiet = quiet, encoding = enc) :
     Pandoc (>= 1.12.3) not available. Falling back to R Markdown v1.
    --- finished re-building ‘sdglinkage_README.Rmd’
    
    SUMMARY: processing the following file failed:
     ‘Synthetic_Data_Generation_and_Evaluation.Rmd’
    
    Error: Vignette re-building failed.
    Execution halted
Flavor: r-patched-solaris-x86

Version: 0.1.0
Check: re-building of vignette outputs
Result: WARN
    Error(s) in re-building vignettes:
    --- re-building ‘From_Sensitive_Real_Identifiers_to_Synthetic_Identifiers.Rmd’ using rmarkdown
    Warning in engine$weave(file, quiet = quiet, encoding = enc) :
     Pandoc (>= 1.12.3) not available. Falling back to R Markdown v1.
    Loading required package: lvec
    
    Attaching package: 'lvec'
    
    The following object is masked from 'package:base':
    
     order
    
    Loading required package: ldat
    Loading required package: Rcpp
    
    Attaching package: 'ldat'
    
    The following objects are masked from 'package:base':
    
     append, match, table, which
    
    
    Attaching package: 'reclin'
    
    The following object is masked from 'package:base':
    
     identical
    
    
    Attaching package: 'dplyr'
    
    The following objects are masked from 'package:stats':
    
     filter, lag
    
    The following objects are masked from 'package:base':
    
     intersect, setdiff, setequal, union
    
    Warning: `group_by_()` was deprecated in dplyr 0.7.0.
    Please use `group_by()` instead.
    See vignette('programming') for more help
    This warning is displayed once every 8 hours.
    Call `lifecycle::last_warnings()` to see where this warning was generated.
    --- finished re-building ‘From_Sensitive_Real_Identifiers_to_Synthetic_Identifiers.Rmd’
    
    --- re-building ‘Generation_of_Gold_Standard_File_and_Linkage_Files.Rmd’ using rmarkdown
    Warning in engine$weave(file, quiet = quiet, encoding = enc) :
     Pandoc (>= 1.12.3) not available. Falling back to R Markdown v1.
    Loading required package: lvec
    
    Attaching package: 'lvec'
    
    The following object is masked from 'package:base':
    
     order
    
    Loading required package: ldat
    Loading required package: Rcpp
    
    Attaching package: 'ldat'
    
    The following objects are masked from 'package:base':
    
     append, match, table, which
    
    
    Attaching package: 'reclin'
    
    The following object is masked from 'package:base':
    
     identical
    
    
    Attaching package: 'dplyr'
    
    The following objects are masked from 'package:stats':
    
     filter, lag
    
    The following objects are masked from 'package:base':
    
     intersect, setdiff, setequal, union
    
    Warning: `group_by_()` was deprecated in dplyr 0.7.0.
    Please use `group_by()` instead.
    See vignette('programming') for more help
    This warning is displayed once every 8 hours.
    Call `lifecycle::last_warnings()` to see where this warning was generated.
    --- finished re-building ‘Generation_of_Gold_Standard_File_and_Linkage_Files.Rmd’
    
    --- re-building ‘Synthetic_Data_Generation_and_Evaluation.Rmd’ using rmarkdown
    Warning in engine$weave(file, quiet = quiet, encoding = enc) :
     Pandoc (>= 1.12.3) not available. Falling back to R Markdown v1.
    Quitting from lines 73-74 (Synthetic_Data_Generation_and_Evaluation.Rmd)
    Error: processing vignette 'Synthetic_Data_Generation_and_Evaluation.Rmd' failed with diagnostics:
    invalid 'path' argument
    --- failed re-building ‘Synthetic_Data_Generation_and_Evaluation.Rmd’
    
    --- re-building ‘sdglinkage_README.Rmd’ using rmarkdown
    Warning in engine$weave(file, quiet = quiet, encoding = enc) :
     Pandoc (>= 1.12.3) not available. Falling back to R Markdown v1.
    --- finished re-building ‘sdglinkage_README.Rmd’
    
    SUMMARY: processing the following file failed:
     ‘Synthetic_Data_Generation_and_Evaluation.Rmd’
    
    Error: Vignette re-building failed.
    Execution halted
Flavors: r-release-macos-arm64, r-release-macos-x86_64

Version: 0.1.0
Check: re-building of vignette outputs
Result: WARN
    Error(s) in re-building vignettes:
    --- re-building ‘From_Sensitive_Real_Identifiers_to_Synthetic_Identifiers.Rmd’ using rmarkdown
    Warning in engine$weave(file, quiet = quiet, encoding = enc) :
     Pandoc (>= 1.12.3) and/or pandoc-citeproc not available. Falling back to R Markdown v1.
    Loading required package: lvec
    
    Attaching package: 'lvec'
    
    The following object is masked from 'package:base':
    
     order
    
    Loading required package: ldat
    Loading required package: Rcpp
    
    Attaching package: 'ldat'
    
    The following objects are masked from 'package:base':
    
     append, match, table, which
    
    
    Attaching package: 'reclin'
    
    The following object is masked from 'package:base':
    
     identical
    
    
    Attaching package: 'dplyr'
    
    The following objects are masked from 'package:stats':
    
     filter, lag
    
    The following objects are masked from 'package:base':
    
     intersect, setdiff, setequal, union
    
    Warning: `group_by_()` is deprecated as of dplyr 0.7.0.
    Please use `group_by()` instead.
    See vignette('programming') for more help
    This warning is displayed once every 8 hours.
    Call `lifecycle::last_warnings()` to see where this warning was generated.
    --- finished re-building ‘From_Sensitive_Real_Identifiers_to_Synthetic_Identifiers.Rmd’
    
    --- re-building ‘Generation_of_Gold_Standard_File_and_Linkage_Files.Rmd’ using rmarkdown
    Warning in engine$weave(file, quiet = quiet, encoding = enc) :
     Pandoc (>= 1.12.3) and/or pandoc-citeproc not available. Falling back to R Markdown v1.
    Loading required package: lvec
    
    Attaching package: 'lvec'
    
    The following object is masked from 'package:base':
    
     order
    
    Loading required package: ldat
    Loading required package: Rcpp
    
    Attaching package: 'ldat'
    
    The following objects are masked from 'package:base':
    
     append, match, table, which
    
    
    Attaching package: 'reclin'
    
    The following object is masked from 'package:base':
    
     identical
    
    
    Attaching package: 'dplyr'
    
    The following objects are masked from 'package:stats':
    
     filter, lag
    
    The following objects are masked from 'package:base':
    
     intersect, setdiff, setequal, union
    
    Warning: `group_by_()` is deprecated as of dplyr 0.7.0.
    Please use `group_by()` instead.
    See vignette('programming') for more help
    This warning is displayed once every 8 hours.
    Call `lifecycle::last_warnings()` to see where this warning was generated.
    --- finished re-building ‘Generation_of_Gold_Standard_File_and_Linkage_Files.Rmd’
    
    --- re-building ‘Synthetic_Data_Generation_and_Evaluation.Rmd’ using rmarkdown
    Warning in engine$weave(file, quiet = quiet, encoding = enc) :
     Pandoc (>= 1.12.3) and/or pandoc-citeproc not available. Falling back to R Markdown v1.
    Quitting from lines 73-74 (Synthetic_Data_Generation_and_Evaluation.Rmd)
    Error: processing vignette 'Synthetic_Data_Generation_and_Evaluation.Rmd' failed with diagnostics:
    cannot open the connection
    --- failed re-building ‘Synthetic_Data_Generation_and_Evaluation.Rmd’
    
    --- re-building ‘sdglinkage_README.Rmd’ using rmarkdown
    Warning in engine$weave(file, quiet = quiet, encoding = enc) :
     Pandoc (>= 1.12.3) and/or pandoc-citeproc not available. Falling back to R Markdown v1.
    --- finished re-building ‘sdglinkage_README.Rmd’
    
    SUMMARY: processing the following file failed:
     ‘Synthetic_Data_Generation_and_Evaluation.Rmd’
    
    Error: Vignette re-building failed.
    Execution halted
Flavor: r-oldrel-macos-x86_64