CRAN Package Check Results for Package sdafilter

Last updated on 2021-06-22 09:51:53 CEST.

Flavor Version Tinstall Tcheck Ttotal Status Flags
r-devel-linux-x86_64-debian-clang 1.0.0 2.15 32.62 34.77 NOTE
r-devel-linux-x86_64-debian-gcc 1.0.0 1.70 25.35 27.05 NOTE
r-devel-linux-x86_64-fedora-clang 1.0.0 50.76 NOTE
r-devel-linux-x86_64-fedora-gcc 1.0.0 40.22 NOTE
r-devel-windows-x86_64 1.0.0 4.00 49.00 53.00 NOTE
r-devel-windows-x86_64-gcc10-UCRT 1.0.0 NOTE
r-patched-linux-x86_64 1.0.0 2.26 31.55 33.81 NOTE
r-patched-solaris-x86 1.0.0 64.00 NOTE
r-release-linux-x86_64 1.0.0 1.94 31.92 33.86 NOTE
r-release-macos-arm64 1.0.0 NOTE
r-release-macos-x86_64 1.0.0 NOTE
r-release-windows-ix86+x86_64 1.0.0 5.00 53.00 58.00 NOTE
r-oldrel-macos-x86_64 1.0.0 OK

Check Details

Version: 1.0.0
Check: LazyData
Result: NOTE
     'LazyData' is specified without a 'data' directory
Flavors: r-devel-linux-x86_64-debian-clang, r-devel-linux-x86_64-debian-gcc, r-devel-linux-x86_64-fedora-clang, r-devel-linux-x86_64-fedora-gcc, r-devel-windows-x86_64, r-devel-windows-x86_64-gcc10-UCRT, r-patched-linux-x86_64, r-patched-solaris-x86, r-release-linux-x86_64, r-release-macos-arm64, r-release-macos-x86_64, r-release-windows-ix86+x86_64