CRAN Package Check Results for Package sdStaf

Last updated on 2020-07-06 21:50:38 CEST.

Flavor Version Tinstall Tcheck Ttotal Status Flags
r-devel-linux-x86_64-debian-clang 1.0.2 14.31 120.99 135.30 OK
r-devel-linux-x86_64-debian-gcc 1.0.2 11.37 90.06 101.43 OK
r-devel-linux-x86_64-fedora-clang 1.0.2 168.94 NOTE
r-devel-linux-x86_64-fedora-gcc 1.0.2 160.31 NOTE
r-devel-windows-ix86+x86_64 1.0.2 41.00 119.00 160.00 OK
r-patched-linux-x86_64 1.0.2 13.40 116.28 129.68 OK
r-patched-solaris-x86 1.0.2 223.70 NOTE
r-release-linux-x86_64 1.0.2 13.48 115.07 128.55 OK
r-release-osx-x86_64 1.0.2 NOTE
r-release-windows-ix86+x86_64 1.0.2 28.00 120.00 148.00 OK
r-oldrel-osx-x86_64 1.0.2 NOTE
r-oldrel-windows-ix86+x86_64 1.0.2 35.00 169.00 204.00 OK

Check Details

Version: 1.0.2
Check: dependencies in R code
Result: NOTE
    Namespaces in Imports field not imported from:
     ‘rgdal’ ‘rgeos’ ‘tidyr’
     All declared Imports should be used.
Flavors: r-devel-linux-x86_64-fedora-clang, r-devel-linux-x86_64-fedora-gcc, r-patched-solaris-x86, r-release-osx-x86_64, r-oldrel-osx-x86_64