CRAN Package Check Results for Package scrm

Last updated on 2021-06-14 08:49:50 CEST.

Flavor Version Tinstall Tcheck Ttotal Status Flags
r-devel-linux-x86_64-debian-clang 1.7.3-1 134.73 39.22 173.95 OK
r-devel-linux-x86_64-debian-gcc 1.7.3-1 81.14 30.86 112.00 OK
r-devel-linux-x86_64-fedora-clang 1.7.3-1 264.30 OK
r-devel-linux-x86_64-fedora-gcc 1.7.3-1 213.96 OK
r-devel-windows-x86_64 1.7.3-1 161.00 67.00 228.00 OK
r-devel-windows-x86_64-gcc10-UCRT 1.7.3-1 OK
r-patched-linux-x86_64 1.7.3-1 98.48 38.10 136.58 OK
r-patched-solaris-x86 1.7.3-1 212.00 OK
r-release-linux-x86_64 1.7.3-1 101.28 37.92 139.20 OK
r-release-macos-arm64 1.7.3-1 NOTE
r-release-macos-x86_64 1.7.3-1 OK
r-release-windows-ix86+x86_64 1.7.3-1 253.00 94.00 347.00 OK
r-oldrel-macos-x86_64 1.7.3-1 OK
r-oldrel-windows-ix86+x86_64 1.7.3-1 237.00 93.00 330.00 OK

Additional issues

gcc11

Check Details

Version: 1.7.3-1
Check: installed package size
Result: NOTE
     installed size is 5.3Mb
     sub-directories of 1Mb or more:
     libs 5.2Mb
Flavor: r-release-macos-arm64