CRAN Package Check Results for Package schumaker

Last updated on 2021-06-16 09:53:37 CEST.

Flavor Version Tinstall Tcheck Ttotal Status Flags
r-devel-linux-x86_64-debian-clang 1.2 1.99 259.60 261.59 NOTE
r-devel-linux-x86_64-debian-gcc 1.2 1.59 184.37 185.96 NOTE
r-devel-linux-x86_64-fedora-clang 1.2 298.32 NOTE
r-devel-linux-x86_64-fedora-gcc 1.2 294.54 NOTE
r-devel-windows-x86_64 1.2 4.00 300.00 304.00 NOTE
r-devel-windows-x86_64-gcc10-UCRT 1.2 NOTE
r-patched-linux-x86_64 1.2 2.23 242.58 244.81 NOTE
r-patched-solaris-x86 1.2 346.30 NOTE
r-release-linux-x86_64 1.2 1.86 239.56 241.42 NOTE
r-release-macos-arm64 1.2 NOTE
r-release-macos-x86_64 1.2 NOTE
r-release-windows-ix86+x86_64 1.2 5.00 300.00 305.00 NOTE
r-oldrel-macos-x86_64 1.2 OK
r-oldrel-windows-ix86+x86_64 1.2 5.00 294.00 299.00 OK

Check Details

Version: 1.2
Check: LazyData
Result: NOTE
     'LazyData' is specified without a 'data' directory
Flavors: r-devel-linux-x86_64-debian-clang, r-devel-linux-x86_64-debian-gcc, r-devel-linux-x86_64-fedora-clang, r-devel-linux-x86_64-fedora-gcc, r-devel-windows-x86_64, r-devel-windows-x86_64-gcc10-UCRT, r-patched-linux-x86_64, r-patched-solaris-x86, r-release-linux-x86_64, r-release-macos-arm64, r-release-macos-x86_64, r-release-windows-ix86+x86_64