CRAN Package Check Results for Package scanstatistics

Last updated on 2020-03-30 20:48:41 CEST.

Flavor Version Tinstall Tcheck Ttotal Status Flags
r-devel-linux-x86_64-debian-clang 1.0.1 145.62 114.94 260.56 NOTE
r-devel-linux-x86_64-debian-gcc 1.0.1 98.29 87.61 185.90 NOTE
r-devel-linux-x86_64-fedora-clang 1.0.1 339.66 NOTE
r-devel-linux-x86_64-fedora-gcc 1.0.1 317.76 NOTE
r-devel-windows-ix86+x86_64 1.0.1 238.00 152.00 390.00 OK
r-devel-windows-ix86+x86_64-gcc8 1.0.1 282.00 173.00 455.00 OK
r-patched-linux-x86_64 1.0.1 120.56 108.42 228.98 NOTE
r-patched-solaris-x86 1.0.1 336.30 OK
r-release-linux-x86_64 1.0.1 114.75 97.00 211.75 NOTE
r-release-windows-ix86+x86_64 1.0.1 394.00 215.00 609.00 OK
r-release-osx-x86_64 1.0.1 OK
r-oldrel-windows-ix86+x86_64 1.0.1 383.00 207.00 590.00 OK
r-oldrel-osx-x86_64 1.0.1 OK

Check Details

Version: 1.0.1
Check: use of SHLIB_OPENMP_*FLAGS in Makefiles
Result: NOTE
     src/Makevars.win: SHLIB_OPENMP_CXXFLAGS is included in PKG_CXXFLAGS but not in PKG_LIBS
     src/Makevars.win: SHLIB_OPENMP_CFLAGS is included in PKG_LIBS but linking is by C++
    Use of these macros is discussed in sect 1.2.1.1 of 'Writing R
    Extensions'. The macros for different languages may differ so the
    matching macro must be used in PKG_CXXFLAGS (etc) and match that used
    in PKG_LIBS (except for Fortran: see the manual).
Flavors: r-devel-linux-x86_64-debian-clang, r-devel-linux-x86_64-debian-gcc, r-devel-linux-x86_64-fedora-clang, r-devel-linux-x86_64-fedora-gcc, r-patched-linux-x86_64, r-release-linux-x86_64

Version: 1.0.1
Check: installed package size
Result: NOTE
     installed size is 6.2Mb
     sub-directories of 1Mb or more:
     libs 5.6Mb
Flavor: r-devel-linux-x86_64-fedora-clang