CRAN Package Check Results for Package scModels

Last updated on 2021-06-22 09:51:53 CEST.

Flavor Version Tinstall Tcheck Ttotal Status Flags
r-devel-linux-x86_64-debian-clang 1.0.2 40.61 111.82 152.43 NOTE
r-devel-linux-x86_64-debian-gcc 1.0.2 25.64 89.07 114.71 NOTE
r-devel-linux-x86_64-fedora-clang 1.0.2 238.97 NOTE
r-devel-linux-x86_64-fedora-gcc 1.0.2 253.32 NOTE
r-devel-windows-x86_64 1.0.2 55.00 249.00 304.00 NOTE
r-devel-windows-x86_64-gcc10-UCRT 1.0.2 NOTE
r-patched-linux-x86_64 1.0.2 31.46 135.86 167.32 NOTE
r-patched-solaris-x86 1.0.2 335.10 NOTE
r-release-linux-x86_64 1.0.2 31.12 133.18 164.30 NOTE
r-release-macos-arm64 1.0.2 NOTE
r-release-macos-x86_64 1.0.2 NOTE
r-release-windows-ix86+x86_64 1.0.2 96.00 496.00 592.00 NOTE
r-oldrel-macos-x86_64 1.0.2 OK

Check Details

Version: 1.0.2
Check: LazyData
Result: NOTE
     'LazyData' is specified without a 'data' directory
Flavors: r-devel-linux-x86_64-debian-clang, r-devel-linux-x86_64-debian-gcc, r-devel-linux-x86_64-fedora-clang, r-devel-linux-x86_64-fedora-gcc, r-devel-windows-x86_64, r-devel-windows-x86_64-gcc10-UCRT, r-patched-linux-x86_64, r-patched-solaris-x86, r-release-linux-x86_64, r-release-macos-arm64, r-release-macos-x86_64, r-release-windows-ix86+x86_64