CRAN Package Check Results for Package saturnin

Last updated on 2021-06-22 09:51:52 CEST.

Flavor Version Tinstall Tcheck Ttotal Status Flags
r-devel-linux-x86_64-debian-clang 1.1.1 31.47 49.90 81.37 OK
r-devel-linux-x86_64-debian-gcc 1.1.1 19.76 36.40 56.16 OK
r-devel-linux-x86_64-fedora-clang 1.1.1 109.87 NOTE
r-devel-linux-x86_64-fedora-gcc 1.1.1 94.97 NOTE
r-devel-windows-x86_64 1.1.1 33.00 77.00 110.00 OK
r-devel-windows-x86_64-gcc10-UCRT 1.1.1 OK
r-patched-linux-x86_64 1.1.1 23.91 48.69 72.60 OK
r-patched-solaris-x86 1.1.1 110.70 OK
r-release-linux-x86_64 1.1.1 20.92 48.59 69.51 OK
r-release-macos-arm64 1.1.1 OK
r-release-macos-x86_64 1.1.1 OK
r-release-windows-ix86+x86_64 1.1.1 66.00 83.00 149.00 OK
r-oldrel-macos-x86_64 1.1.1 OK

Check Details

Version: 1.1.1
Check: compiled code
Result: NOTE
    File ‘saturnin/libs/saturnin.so’:
     Found no calls to: ‘R_registerRoutines’, ‘R_useDynamicSymbols’
    
    It is good practice to register native routines and to disable symbol
    search.
    
    See ‘Writing portable packages’ in the ‘Writing R Extensions’ manual.
Flavors: r-devel-linux-x86_64-fedora-clang, r-devel-linux-x86_64-fedora-gcc