CRAN Package Check Results for Package satellite

Last updated on 2020-07-06 21:50:38 CEST.

Flavor Version Tinstall Tcheck Ttotal Status Flags
r-devel-linux-x86_64-debian-clang 1.0.2 33.47 194.98 228.45 OK
r-devel-linux-x86_64-debian-gcc 1.0.2 26.25 151.49 177.74 OK
r-devel-linux-x86_64-fedora-clang 1.0.2 286.79 OK
r-devel-linux-x86_64-fedora-gcc 1.0.2 273.72 OK
r-devel-windows-ix86+x86_64 1.0.2 81.00 290.00 371.00 NOTE
r-patched-linux-x86_64 1.0.2 31.57 190.16 221.73 OK
r-patched-solaris-x86 1.0.2 358.40 OK
r-release-linux-x86_64 1.0.2 31.22 192.13 223.35 OK
r-release-osx-x86_64 1.0.2 OK
r-release-windows-ix86+x86_64 1.0.2 58.00 284.00 342.00 NOTE
r-oldrel-osx-x86_64 1.0.2 OK
r-oldrel-windows-ix86+x86_64 1.0.2 61.00 388.00 449.00 OK

Check Details

Version: 1.0.2
Check: installed package size
Result: NOTE
     installed size is 5.5Mb
     sub-directories of 1Mb or more:
     R 1.5Mb
     extdata 1.3Mb
     libs 2.0Mb
Flavors: r-devel-windows-ix86+x86_64, r-release-windows-ix86+x86_64