CRAN Package Check Results for Package sara4r

Last updated on 2020-05-29 17:49:16 CEST.

Flavor Version Tinstall Tcheck Ttotal Status Flags
r-devel-linux-x86_64-debian-clang 0.0.7 16.77 95.44 112.21 OK
r-devel-linux-x86_64-debian-gcc 0.0.7 15.18 75.33 90.51 OK
r-devel-linux-x86_64-fedora-clang 0.0.7 129.75 NOTE
r-devel-linux-x86_64-fedora-gcc 0.0.7 132.80 OK
r-devel-windows-ix86+x86_64 0.0.7 48.00 146.00 194.00 NOTE
r-patched-linux-x86_64 0.0.7 17.41 96.44 113.85 OK
r-patched-solaris-x86 0.0.7 215.80 NOTE
r-release-linux-x86_64 0.0.7 19.10 96.24 115.34 OK
r-release-osx-x86_64 0.0.7 NOTE
r-release-windows-ix86+x86_64 0.0.7 39.00 209.00 248.00 NOTE
r-oldrel-osx-x86_64 0.0.7 NOTE
r-oldrel-windows-ix86+x86_64 0.0.7 46.00 90.00 136.00 NOTE

Check Details

Version: 0.0.7
Check: installed package size
Result: NOTE
     installed size is 63.0Mb
     sub-directories of 1Mb or more:
     extdata 62.6Mb
Flavors: r-devel-linux-x86_64-fedora-clang, r-devel-windows-ix86+x86_64, r-patched-solaris-x86, r-release-osx-x86_64, r-release-windows-ix86+x86_64, r-oldrel-osx-x86_64, r-oldrel-windows-ix86+x86_64