CRAN Package Check Results for Package sSDR

Last updated on 2021-04-15 09:50:17 CEST.

Flavor Version Tinstall Tcheck Ttotal Status Flags
r-devel-linux-x86_64-debian-clang 1.2.0 6.03 60.65 66.68 NOTE
r-devel-linux-x86_64-debian-gcc 1.2.0 5.88 47.97 53.85 NOTE
r-devel-linux-x86_64-fedora-clang 1.2.0 92.02 NOTE
r-devel-linux-x86_64-fedora-gcc 1.2.0 78.73 NOTE
r-devel-windows-ix86+x86_64 1.2.0 15.00 66.00 81.00 NOTE
r-devel-windows-x86_64-gcc10-UCRT 1.2.0 NOTE
r-patched-linux-x86_64 1.2.0 6.01 55.88 61.89 OK
r-patched-solaris-x86 1.2.0 117.00 OK
r-release-linux-x86_64 1.2.0 6.58 56.12 62.70 OK
r-release-macos-x86_64 1.2.0 OK
r-release-windows-ix86+x86_64 1.2.0 14.00 83.00 97.00 OK
r-oldrel-macos-x86_64 1.2.0 OK
r-oldrel-windows-ix86+x86_64 1.2.0 14.00 55.00 69.00 OK

Check Details

Version: 1.2.0
Check: LazyData
Result: NOTE
     'LazyData' is specified without a 'data' directory
Flavors: r-devel-linux-x86_64-debian-clang, r-devel-linux-x86_64-debian-gcc, r-devel-linux-x86_64-fedora-clang, r-devel-linux-x86_64-fedora-gcc, r-devel-windows-ix86+x86_64, r-devel-windows-x86_64-gcc10-UCRT