CRAN Package Check Results for Package rxylib

Last updated on 2021-04-15 09:50:14 CEST.

Flavor Version Tinstall Tcheck Ttotal Status Flags
r-devel-linux-x86_64-debian-clang 0.2.6 118.89 31.38 150.27 OK
r-devel-linux-x86_64-debian-gcc 0.2.6 81.27 23.44 104.71 OK
r-devel-linux-x86_64-fedora-clang 0.2.6 242.49 NOTE
r-devel-linux-x86_64-fedora-gcc 0.2.6 194.61 OK
r-devel-windows-ix86+x86_64 0.2.6 281.00 68.00 349.00 OK
r-devel-windows-x86_64-gcc10-UCRT 0.2.6 OK
r-patched-linux-x86_64 0.2.6 100.50 28.84 129.34 OK
r-patched-solaris-x86 0.2.6 166.60 OK
r-release-linux-x86_64 0.2.6 99.21 28.65 127.86 OK
r-release-macos-x86_64 0.2.6 NOTE
r-release-windows-ix86+x86_64 0.2.6 221.00 79.00 300.00 OK
r-oldrel-macos-x86_64 0.2.6 NOTE
r-oldrel-windows-ix86+x86_64 0.2.6 259.00 57.00 316.00 OK

Check Details

Version: 0.2.6
Check: installed package size
Result: NOTE
     installed size is 10.3Mb
     sub-directories of 1Mb or more:
     libs 9.9Mb
Flavors: r-devel-linux-x86_64-fedora-clang, r-release-macos-x86_64, r-oldrel-macos-x86_64