CRAN Package Check Results for Package rwfec

Last updated on 2021-06-22 09:51:52 CEST.

Flavor Version Tinstall Tcheck Ttotal Status Flags
r-devel-linux-x86_64-debian-clang 0.2 23.23 25.65 48.88 NOTE
r-devel-linux-x86_64-debian-gcc 0.2 14.86 20.13 34.99 NOTE
r-devel-linux-x86_64-fedora-clang 0.2 77.38 NOTE
r-devel-linux-x86_64-fedora-gcc 0.2 60.08 NOTE
r-devel-windows-x86_64 0.2 31.00 48.00 79.00 NOTE
r-devel-windows-x86_64-gcc10-UCRT 0.2 NOTE
r-patched-linux-x86_64 0.2 17.68 24.90 42.58 NOTE
r-patched-solaris-x86 0.2 73.50 NOTE
r-release-linux-x86_64 0.2 17.88 24.52 42.40 NOTE
r-release-macos-arm64 0.2 NOTE
r-release-macos-x86_64 0.2 NOTE
r-release-windows-ix86+x86_64 0.2 57.00 55.00 112.00 NOTE
r-oldrel-macos-x86_64 0.2 OK

Check Details

Version: 0.2
Check: LazyData
Result: NOTE
     'LazyData' is specified without a 'data' directory
Flavors: r-devel-linux-x86_64-debian-clang, r-devel-linux-x86_64-debian-gcc, r-devel-linux-x86_64-fedora-clang, r-devel-linux-x86_64-fedora-gcc, r-devel-windows-x86_64, r-devel-windows-x86_64-gcc10-UCRT, r-patched-linux-x86_64, r-patched-solaris-x86, r-release-linux-x86_64, r-release-macos-arm64, r-release-macos-x86_64, r-release-windows-ix86+x86_64

Version: 0.2
Check: compiled code
Result: NOTE
    File ‘rwfec/libs/rwfec.so’:
     Found no calls to: ‘R_registerRoutines’, ‘R_useDynamicSymbols’
    
    It is good practice to register native routines and to disable symbol
    search.
    
    See ‘Writing portable packages’ in the ‘Writing R Extensions’ manual.
Flavors: r-devel-linux-x86_64-fedora-clang, r-devel-linux-x86_64-fedora-gcc