CRAN Package Check Results for Package rvinecopulib

Last updated on 2021-04-15 09:50:14 CEST.

Flavor Version Tinstall Tcheck Ttotal Status Flags
r-devel-linux-x86_64-debian-clang 0.5.5.1.1 151.55 71.71 223.26 NOTE
r-devel-linux-x86_64-debian-gcc 0.5.5.1.1 124.94 55.82 180.76 NOTE
r-devel-linux-x86_64-fedora-clang 0.5.5.1.1 319.49 NOTE
r-devel-linux-x86_64-fedora-gcc 0.5.5.1.1 312.21 NOTE
r-devel-windows-ix86+x86_64 0.5.5.1.1 310.00 151.00 461.00 NOTE
r-devel-windows-x86_64-gcc10-UCRT 0.5.5.1.1 NOTE
r-patched-linux-x86_64 0.5.5.1.1 135.72 70.58 206.30 OK
r-patched-solaris-x86 0.5.5.1.1 269.60 NOTE
r-release-linux-x86_64 0.5.5.1.1 144.03 69.92 213.95 OK
r-release-macos-x86_64 0.5.5.1.1 NOTE
r-release-windows-ix86+x86_64 0.5.5.1.1 255.00 174.00 429.00 NOTE
r-oldrel-macos-x86_64 0.5.5.1.1 NOTE
r-oldrel-windows-ix86+x86_64 0.5.5.1.1 304.00 125.00 429.00 NOTE

Check Details

Version: 0.5.5.1.1
Check: LazyData
Result: NOTE
     'LazyData' is specified without a 'data' directory
Flavors: r-devel-linux-x86_64-debian-clang, r-devel-linux-x86_64-debian-gcc, r-devel-linux-x86_64-fedora-clang, r-devel-linux-x86_64-fedora-gcc, r-devel-windows-ix86+x86_64, r-devel-windows-x86_64-gcc10-UCRT

Version: 0.5.5.1.1
Check: installed package size
Result: NOTE
     installed size is 56.9Mb
     sub-directories of 1Mb or more:
     include 4.0Mb
     libs 52.6Mb
Flavors: r-devel-linux-x86_64-fedora-clang, r-devel-windows-ix86+x86_64, r-patched-solaris-x86, r-release-macos-x86_64, r-release-windows-ix86+x86_64, r-oldrel-macos-x86_64, r-oldrel-windows-ix86+x86_64