CRAN Package Check Results for Package ruimtehol

Last updated on 2021-04-15 09:50:14 CEST.

Flavor Version Tinstall Tcheck Ttotal Status Flags
r-devel-linux-x86_64-debian-clang 0.3 300.60 419.79 720.39 OK
r-devel-linux-x86_64-debian-gcc 0.3 186.33 376.29 562.62 OK
r-devel-linux-x86_64-fedora-clang 0.3 909.64 NOTE
r-devel-linux-x86_64-fedora-gcc 0.3 889.02 OK
r-devel-windows-ix86+x86_64 0.3 653.00 408.00 1061.00 NOTE
r-devel-windows-x86_64-gcc10-UCRT 0.3 OK
r-patched-linux-x86_64 0.3 222.30 490.85 713.15 OK
r-patched-solaris-x86 0.3 1162.80 NOTE
r-release-linux-x86_64 0.3 221.89 494.01 715.90 OK
r-release-macos-x86_64 0.3 NOTE
r-release-windows-ix86+x86_64 0.3 545.00 446.00 991.00 NOTE
r-oldrel-macos-x86_64 0.3 NOTE
r-oldrel-windows-ix86+x86_64 0.3 585.00 381.00 966.00 NOTE

Check Details

Version: 0.3
Check: installed package size
Result: NOTE
     installed size is 12.1Mb
     sub-directories of 1Mb or more:
     data 3.8Mb
     libs 7.7Mb
Flavors: r-devel-linux-x86_64-fedora-clang, r-devel-windows-ix86+x86_64, r-patched-solaris-x86, r-release-macos-x86_64, r-release-windows-ix86+x86_64, r-oldrel-macos-x86_64, r-oldrel-windows-ix86+x86_64