CRAN Package Check Results for Package rugarch

Last updated on 2020-02-27 17:51:08 CET.

Flavor Version Tinstall Tcheck Ttotal Status Flags
r-devel-linux-x86_64-debian-clang 1.4-2 94.27 309.00 403.27 OK
r-devel-linux-x86_64-debian-gcc 1.4-2 82.30 230.23 312.53 OK
r-devel-linux-x86_64-fedora-clang 1.4-2 510.71 NOTE
r-devel-linux-x86_64-fedora-gcc 1.4-2 473.37 OK
r-devel-windows-ix86+x86_64 1.4-2 129.00 313.00 442.00 NOTE
r-devel-windows-ix86+x86_64-gcc8 1.4-2 134.00 323.00 457.00 NOTE
r-patched-linux-x86_64 1.4-2 89.05 274.11 363.16 OK
r-patched-solaris-x86 1.4-2 505.50 NOTE
r-release-linux-x86_64 1.4-2 86.80 273.24 360.04 OK
r-release-windows-ix86+x86_64 1.4-2 126.00 292.00 418.00 NOTE
r-release-osx-x86_64 1.4-2 NOTE
r-oldrel-windows-ix86+x86_64 1.4-2 116.00 269.00 385.00 NOTE
r-oldrel-osx-x86_64 1.4-2 NOTE

Check Details

Version: 1.4-2
Check: installed package size
Result: NOTE
     installed size is 7.6Mb
     sub-directories of 1Mb or more:
     R 3.0Mb
     libs 2.2Mb
Flavors: r-devel-linux-x86_64-fedora-clang, r-devel-windows-ix86+x86_64, r-devel-windows-ix86+x86_64-gcc8, r-patched-solaris-x86, r-release-windows-ix86+x86_64, r-release-osx-x86_64, r-oldrel-windows-ix86+x86_64, r-oldrel-osx-x86_64