CRAN Package Check Results for Package rtrek

Last updated on 2021-06-21 09:52:56 CEST.

Flavor Version Tinstall Tcheck Ttotal Status Flags
r-devel-linux-x86_64-debian-clang 0.3.3 6.44 42.93 49.37 OK
r-devel-linux-x86_64-debian-gcc 0.3.3 4.62 34.25 38.87 OK
r-devel-linux-x86_64-fedora-clang 0.3.3 66.53 NOTE
r-devel-linux-x86_64-fedora-gcc 0.3.3 64.45 NOTE
r-devel-windows-x86_64 0.3.3 9.00 51.00 60.00 OK
r-devel-windows-x86_64-gcc10-UCRT 0.3.3 ERROR
r-patched-linux-x86_64 0.3.3 5.92 40.80 46.72 OK
r-patched-solaris-x86 0.3.3 86.30 NOTE
r-release-linux-x86_64 0.3.3 5.05 41.53 46.58 OK
r-release-macos-arm64 0.3.3 NOTE
r-release-macos-x86_64 0.3.3 NOTE
r-release-windows-ix86+x86_64 0.3.3 12.00 67.00 79.00 OK
r-oldrel-macos-x86_64 0.3.3 NOTE

Check Details

Version: 0.3.3
Check: dependencies in R code
Result: NOTE
    Namespaces in Imports field not imported from:
     ‘memoise’ ‘tidyr’
     All declared Imports should be used.
Flavors: r-devel-linux-x86_64-fedora-clang, r-devel-linux-x86_64-fedora-gcc, r-patched-solaris-x86, r-release-macos-arm64, r-release-macos-x86_64, r-oldrel-macos-x86_64

Version: 0.3.3
Check: data for non-ASCII characters
Result: NOTE
     Note: found 37 marked UTF-8 strings
Flavors: r-devel-linux-x86_64-fedora-clang, r-devel-linux-x86_64-fedora-gcc, r-patched-solaris-x86, r-release-macos-arm64, r-release-macos-x86_64, r-oldrel-macos-x86_64

Version: 0.3.3
Check: package dependencies
Result: ERROR
    Package required but not available: 'rvest'
    
    Package suggested but not available for checking: 'covr'
    
    See section 'The DESCRIPTION file' in the 'Writing R Extensions'
    manual.
Flavor: r-devel-windows-x86_64-gcc10-UCRT

Version: 0.3.3
Check: package dependencies
Result: NOTE
    Packages suggested but not available for checking: 'showtext', 'sysfonts'
Flavor: r-release-macos-arm64