CRAN Package Check Results for Package rstan

Last updated on 2021-04-11 08:48:58 CEST.

Flavor Version Tinstall Tcheck Ttotal Status Flags
r-devel-linux-x86_64-debian-clang 2.21.2 830.30 474.69 1304.99 NOTE
r-devel-linux-x86_64-debian-gcc 2.21.2 741.36 359.11 1100.47 NOTE
r-devel-linux-x86_64-fedora-clang 2.21.2 1738.14 NOTE
r-devel-linux-x86_64-fedora-gcc 2.21.2 1662.97 NOTE
r-devel-windows-ix86+x86_64 2.21.2 1402.00 473.00 1875.00 NOTE
r-devel-windows-x86_64-gcc10-UCRT 2.21.2 NOTE
r-patched-linux-x86_64 2.21.2 834.99 449.91 1284.90 NOTE
r-patched-solaris-x86 2.21.2 1741.10 NOTE
r-release-linux-x86_64 2.21.2 837.72 448.61 1286.33 NOTE
r-release-macos-x86_64 2.21.2 NOTE
r-release-windows-ix86+x86_64 2.21.2 1748.00 628.00 2376.00 NOTE
r-oldrel-macos-x86_64 2.21.2 NOTE
r-oldrel-windows-ix86+x86_64 2.21.2 1884.00 472.00 2356.00 NOTE

Check Details

Version: 2.21.2
Check: for GNU extensions in Makefiles
Result: NOTE
    GNU make is a SystemRequirements.
Flavors: r-devel-linux-x86_64-debian-clang, r-devel-linux-x86_64-debian-gcc, r-devel-linux-x86_64-fedora-clang, r-devel-linux-x86_64-fedora-gcc, r-devel-windows-ix86+x86_64, r-devel-windows-x86_64-gcc10-UCRT, r-patched-linux-x86_64, r-patched-solaris-x86, r-release-linux-x86_64, r-release-windows-ix86+x86_64, r-oldrel-macos-x86_64, r-oldrel-windows-ix86+x86_64

Version: 2.21.2
Check: installed package size
Result: NOTE
     installed size is 224.7Mb
     sub-directories of 1Mb or more:
     lib 38.0Mb
     libs 183.9Mb
Flavors: r-devel-linux-x86_64-fedora-clang, r-devel-windows-ix86+x86_64, r-patched-solaris-x86, r-release-macos-x86_64, r-release-windows-ix86+x86_64, r-oldrel-macos-x86_64, r-oldrel-windows-ix86+x86_64

Version: 2.21.2
Check: Rd cross-references
Result: NOTE
    Undeclared packages ‘coda’, ‘rstanarm’ in Rd xrefs
Flavor: r-devel-linux-x86_64-fedora-clang